CRAN Package Check Results for Package MiRNAQCD

Last updated on 2025-07-26 07:50:27 CEST.

Flavor Version Tinstall Tcheck Ttotal Status Flags
r-devel-linux-x86_64-debian-clang 1.1.3 3.76 33.58 37.34 OK
r-devel-linux-x86_64-debian-gcc 1.1.3 2.67 24.63 27.30 OK
r-devel-linux-x86_64-fedora-clang 1.1.3 58.21 NOTE
r-devel-linux-x86_64-fedora-gcc 1.1.3 57.21 NOTE
r-devel-windows-x86_64 1.1.3 6.00 52.00 58.00 OK
r-patched-linux-x86_64 1.1.3 3.66 31.33 34.99 OK
r-release-linux-x86_64 1.1.3 3.62 30.98 34.60 OK
r-release-macos-arm64 1.1.3 23.00 OK
r-release-macos-x86_64 1.1.3 37.00 OK
r-release-windows-x86_64 1.1.3 6.00 51.00 57.00 OK
r-oldrel-macos-arm64 1.1.3 20.00 OK
r-oldrel-macos-x86_64 1.1.3 28.00 OK
r-oldrel-windows-x86_64 1.1.3 6.00 58.00 64.00 OK

Check Details

Version: 1.1.3
Check: dependencies in R code
Result: NOTE Namespace in Imports field not imported from: ‘qpdf’ All declared Imports should be used. Flavors: r-devel-linux-x86_64-fedora-clang, r-devel-linux-x86_64-fedora-gcc

These binaries (installable software) and packages are in development.
They may not be fully stable and should be used with caution. We make no claims about them.