CRAN Package Check Results for Package MiRSEA

Last updated on 2025-07-01 11:49:23 CEST.

Flavor Version Tinstall Tcheck Ttotal Status Flags
r-devel-linux-x86_64-debian-clang 1.1.1 2.87 85.26 88.13 NOTE
r-devel-linux-x86_64-debian-gcc 1.1.1 2.66 58.77 61.43 NOTE
r-devel-linux-x86_64-fedora-clang 1.1.1 147.43 OK
r-devel-linux-x86_64-fedora-gcc 1.1.1 154.05 OK
r-devel-windows-x86_64 1.1.1 4.00 154.00 158.00 OK
r-patched-linux-x86_64 OK
r-release-linux-x86_64 1.1.1 3.30 81.54 84.84 OK
r-release-macos-arm64 1.1.1 58.00 OK
r-release-macos-x86_64 1.1.1 129.00 OK
r-release-windows-x86_64 1.1.1 5.00 153.00 158.00 OK
r-oldrel-macos-arm64 1.1.1 55.00 OK
r-oldrel-macos-x86_64 1.1.1 82.00 OK
r-oldrel-windows-x86_64 1.1.1 5.00 159.00 164.00 OK

Check Details

Version: 1.1.1
Check: CRAN incoming feasibility
Result: NOTE Maintainer: ‘Junwei Han <hanjunwei1981@163.com>’ No Authors@R field in DESCRIPTION. Please add one, modifying Authors@R: c(person(given = "Junwei", family = "Han", role = c("aut", "cre"), email = "hanjunwei1981@163.com"), person(given = "Siyao", family = "Liu", role = "aut")) as necessary. Flavors: r-devel-linux-x86_64-debian-clang, r-devel-linux-x86_64-debian-gcc

These binaries (installable software) and packages are in development.
They may not be fully stable and should be used with caution. We make no claims about them.