Last updated on 2025-02-16 10:50:52 CET.
Flavor | Version | Tinstall | Tcheck | Ttotal | Status | Flags |
---|---|---|---|---|---|---|
r-devel-linux-x86_64-debian-clang | 0.1.0 | 6.84 | 81.03 | 87.87 | OK | |
r-devel-linux-x86_64-debian-gcc | 0.1.0 | 4.98 | 54.89 | 59.87 | OK | |
r-devel-linux-x86_64-fedora-clang | 0.1.0 | 153.89 | OK | |||
r-devel-linux-x86_64-fedora-gcc | 0.1.0 | 147.98 | OK | |||
r-devel-macos-arm64 | 0.1.0 | 5.00 | ERROR | |||
r-devel-macos-x86_64 | 0.1.0 | 5.00 | ERROR | |||
r-devel-windows-x86_64 | 0.1.0 | 10.00 | 103.00 | 113.00 | OK | |
r-patched-linux-x86_64 | 0.1.0 | 9.79 | 76.16 | 85.95 | OK | |
r-release-linux-x86_64 | 0.1.0 | 6.59 | 76.15 | 82.74 | OK | |
r-release-macos-arm64 | 0.1.0 | 45.00 | OK | |||
r-release-macos-x86_64 | 0.1.0 | 66.00 | OK | |||
r-release-windows-x86_64 | 0.1.0 | 9.00 | 107.00 | 116.00 | OK | |
r-oldrel-macos-arm64 | 0.1.0 | 10.00 | ERROR | |||
r-oldrel-macos-x86_64 | 0.1.0 | 11.00 | ERROR | |||
r-oldrel-windows-x86_64 | 0.1.0 | 11.00 | 123.00 | 134.00 | OK |
Version: 0.1.0
Check: package dependencies
Result: ERROR
Package required but not available: ‘microbiome’
See section ‘The DESCRIPTION file’ in the ‘Writing R Extensions’
manual.
Flavors: r-devel-macos-arm64, r-devel-macos-x86_64, r-oldrel-macos-arm64, r-oldrel-macos-x86_64
These binaries (installable software) and packages are in development.
They may not be fully stable and should be used with caution. We make no claims about them.