Last updated on 2025-10-23 11:50:19 CEST.
Flavor | Version | Tinstall | Tcheck | Ttotal | Status | Flags |
---|---|---|---|---|---|---|
r-devel-linux-x86_64-debian-clang | 0.1.0 | 7.52 | 93.84 | 101.36 | NOTE | |
r-devel-linux-x86_64-debian-gcc | 0.1.0 | 4.69 | 63.10 | 67.79 | NOTE | |
r-devel-linux-x86_64-fedora-clang | 0.1.0 | 44.00 | 121.18 | 165.18 | OK | |
r-devel-linux-x86_64-fedora-gcc | 0.1.0 | 13.00 | 145.67 | 158.67 | OK | |
r-devel-windows-x86_64 | 0.1.0 | 9.00 | 111.00 | 120.00 | OK | |
r-patched-linux-x86_64 | 0.1.0 | 10.02 | 87.87 | 97.89 | OK | |
r-release-linux-x86_64 | 0.1.0 | 6.19 | 88.28 | 94.47 | OK | |
r-release-macos-arm64 | 0.1.0 | 5.00 | ERROR | |||
r-release-macos-x86_64 | 0.1.0 | 8.00 | ERROR | |||
r-release-windows-x86_64 | 0.1.0 | 10.00 | 112.00 | 122.00 | OK | |
r-oldrel-macos-arm64 | 0.1.0 | 3.00 | 42.00 | 45.00 | OK | |
r-oldrel-macos-x86_64 | 0.1.0 | 5.00 | 61.00 | 66.00 | OK | |
r-oldrel-windows-x86_64 | 0.1.0 | 13.00 | 141.00 | 154.00 | OK |
Version: 0.1.0
Check: CRAN incoming feasibility
Result: NOTE
Maintainer: ‘Thi Huyen Nguyen <thihuyen.nguyen@uhasselt.be>’
The BugReports field in DESCRIPTION has
https://github.com/N-T-Huyen/MicrobiomeSurv/issues/new
which should likely be
https://github.com/N-T-Huyen/MicrobiomeSurv/issues/new/issues
instead.
Flavors: r-devel-linux-x86_64-debian-clang, r-devel-linux-x86_64-debian-gcc
Version: 0.1.0
Check: package dependencies
Result: ERROR
Package required but not available: ‘microbiome’
See section ‘The DESCRIPTION file’ in the ‘Writing R Extensions’
manual.
Flavors: r-release-macos-arm64, r-release-macos-x86_64
These binaries (installable software) and packages are in development.
They may not be fully stable and should be used with caution. We make no claims about them.