Last updated on 2025-11-12 18:50:38 CET.
| Flavor | Version | Tinstall | Tcheck | Ttotal | Status | Flags |
|---|---|---|---|---|---|---|
| r-devel-linux-x86_64-debian-clang | 2.4.1 | 17.03 | 50.17 | 67.20 | OK | |
| r-devel-linux-x86_64-debian-gcc | 2.4.1 | 10.91 | 39.50 | 50.41 | OK | |
| r-devel-linux-x86_64-fedora-clang | 2.4.1 | 36.00 | 67.11 | 103.11 | NOTE | |
| r-devel-linux-x86_64-fedora-gcc | 2.4.1 | 35.00 | 77.68 | 112.68 | NOTE | |
| r-devel-windows-x86_64 | 2.4.1 | 18.00 | 84.00 | 102.00 | OK | |
| r-patched-linux-x86_64 | 2.4.1 | 17.23 | 47.53 | 64.76 | OK | |
| r-release-linux-x86_64 | 2.4.1 | 16.63 | 46.95 | 63.58 | OK | |
| r-release-macos-arm64 | 2.4.1 | 7.00 | 41.00 | 48.00 | OK | |
| r-release-macos-x86_64 | 2.4.1 | 16.00 | 66.00 | 82.00 | OK | |
| r-release-windows-x86_64 | 2.4.1 | 17.00 | 74.00 | 91.00 | OK | |
| r-oldrel-macos-arm64 | 2.4.1 | 6.00 | 36.00 | 42.00 | OK | |
| r-oldrel-macos-x86_64 | 2.4.1 | 21.00 | 66.00 | 87.00 | OK | |
| r-oldrel-windows-x86_64 | 2.4.1 | 24.00 | 87.00 | 111.00 | OK |
Version: 2.4.1
Check: dependencies in R code
Result: NOTE
Namespaces in Imports field not imported from:
‘R6’ ‘curl’ ‘jsonlite’ ‘parallel’ ‘tools’ ‘vctrs’
All declared Imports should be used.
Flavors: r-devel-linux-x86_64-fedora-clang, r-devel-linux-x86_64-fedora-gcc
These binaries (installable software) and packages are in development.
They may not be fully stable and should be used with caution. We make no claims about them.