CRAN Package Check Results for Package MigConnectivity

Last updated on 2025-02-16 12:53:43 CET.

Flavor Version Tinstall Tcheck Ttotal Status Flags
r-devel-linux-x86_64-debian-clang 0.4.7 14.06 116.52 130.58 NOTE
r-devel-linux-x86_64-debian-gcc 0.4.7 9.13 77.70 86.83 NOTE
r-devel-linux-x86_64-fedora-clang 0.4.7 213.99 OK
r-devel-linux-x86_64-fedora-gcc 0.4.7 220.31 OK
r-devel-macos-arm64 0.4.7 126.00 OK
r-devel-macos-x86_64 0.4.7 121.00 OK
r-devel-windows-x86_64 0.4.7 15.00 134.00 149.00 NOTE
r-patched-linux-x86_64 0.4.7 19.42 106.29 125.71 OK
r-release-linux-x86_64 0.4.7 12.05 108.44 120.49 OK
r-release-macos-arm64 0.4.7 60.00 OK
r-release-macos-x86_64 0.4.7 103.00 OK
r-release-windows-x86_64 0.4.7 16.00 129.00 145.00 OK
r-oldrel-macos-arm64 0.4.7 69.00 OK
r-oldrel-macos-x86_64 0.4.7 141.00 OK
r-oldrel-windows-x86_64 0.4.7 19.00 172.00 191.00 OK

Check Details

Version: 0.4.7
Check: Rd cross-references
Result: NOTE Found the following Rd file(s) with Rd \link{} targets missing package anchors: plot.estMigConnectivity.Rd: plotCI Please provide package anchors for all Rd \link{} targets not in the package itself and the base packages. Flavors: r-devel-linux-x86_64-debian-clang, r-devel-linux-x86_64-debian-gcc, r-devel-windows-x86_64

These binaries (installable software) and packages are in development.
They may not be fully stable and should be used with caution. We make no claims about them.