Last updated on 2025-10-24 05:50:47 CEST.
| Flavor | Version | Tinstall | Tcheck | Ttotal | Status | Flags |
|---|---|---|---|---|---|---|
| r-devel-linux-x86_64-debian-clang | 0.0.2 | 13.93 | 113.09 | 127.02 | NOTE | |
| r-devel-linux-x86_64-debian-gcc | 0.0.2 | 9.73 | 80.71 | 90.44 | NOTE | |
| r-devel-linux-x86_64-fedora-clang | 0.0.2 | 36.00 | 162.22 | 198.22 | OK | |
| r-devel-linux-x86_64-fedora-gcc | 0.0.2 | 34.00 | 154.64 | 188.64 | OK | |
| r-devel-windows-x86_64 | 0.0.2 | 15.00 | 114.00 | 129.00 | OK | |
| r-patched-linux-x86_64 | 0.0.2 | 14.77 | 107.59 | 122.36 | OK | |
| r-release-linux-x86_64 | 0.0.2 | 13.93 | 108.80 | 122.73 | OK | |
| r-release-macos-arm64 | 0.0.2 | 6.00 | 46.00 | 52.00 | OK | |
| r-release-macos-x86_64 | 0.0.2 | 12.00 | 86.00 | 98.00 | OK | |
| r-release-windows-x86_64 | 0.0.2 | 15.00 | 113.00 | 128.00 | OK | |
| r-oldrel-macos-arm64 | 0.0.2 | 6.00 | 44.00 | 50.00 | OK | |
| r-oldrel-macos-x86_64 | 0.0.2 | 16.00 | 115.00 | 131.00 | OK | |
| r-oldrel-windows-x86_64 | 0.0.2 | 19.00 | 137.00 | 156.00 | OK |
Version: 0.0.2
Check: CRAN incoming feasibility
Result: NOTE
Maintainer: ‘David Moriña Soler <dmorina@ub.edu>’
The Description field contains
A, Cabaña, A, Puig P. (2021) <arXiv:2003.09202v2>.
Please refer to arXiv e-prints via their arXiv DOI <doi:10.48550/arXiv.YYMM.NNNNN>.
Flavors: r-devel-linux-x86_64-debian-clang, r-devel-linux-x86_64-debian-gcc
These binaries (installable software) and packages are in development.
They may not be fully stable and should be used with caution. We make no claims about them.