Last updated on 2025-05-01 17:56:08 CEST.
Flavor | Version | Tinstall | Tcheck | Ttotal | Status | Flags |
---|---|---|---|---|---|---|
r-devel-linux-x86_64-debian-clang | 0.0.2 | 13.34 | 104.05 | 117.39 | NOTE | |
r-devel-linux-x86_64-debian-gcc | 0.0.2 | 9.81 | 76.07 | 85.88 | NOTE | |
r-devel-linux-x86_64-fedora-clang | 0.0.2 | 175.06 | OK | |||
r-devel-linux-x86_64-fedora-gcc | 0.0.2 | 168.70 | OK | |||
r-devel-windows-x86_64 | 0.0.2 | 14.00 | 111.00 | 125.00 | OK | |
r-patched-linux-x86_64 | 0.0.2 | 11.33 | 98.36 | 109.69 | OK | |
r-release-linux-x86_64 | OK | |||||
r-release-macos-arm64 | 0.0.2 | 52.00 | OK | |||
r-release-macos-x86_64 | 0.0.2 | 98.00 | OK | |||
r-release-windows-x86_64 | 0.0.2 | 14.00 | 116.00 | 130.00 | OK | |
r-oldrel-macos-arm64 | 0.0.2 | 50.00 | OK | |||
r-oldrel-macos-x86_64 | 0.0.2 | 131.00 | OK | |||
r-oldrel-windows-x86_64 | 0.0.2 | 19.00 | 136.00 | 155.00 | OK |
Version: 0.0.2
Check: CRAN incoming feasibility
Result: NOTE
Maintainer: ‘David Moriña Soler <dmorina@ub.edu>’
The Description field contains
A, Cabaña, A, Puig P. (2021) <arXiv:2003.09202v2>.
Please refer to arXiv e-prints via their arXiv DOI <doi:10.48550/arXiv.YYMM.NNNNN>.
Flavors: r-devel-linux-x86_64-debian-clang, r-devel-linux-x86_64-debian-gcc
These binaries (installable software) and packages are in development.
They may not be fully stable and should be used with caution. We make no claims about them.