Last updated on 2025-07-04 19:50:24 CEST.
Flavor | Version | Tinstall | Tcheck | Ttotal | Status | Flags |
---|---|---|---|---|---|---|
r-devel-linux-x86_64-debian-clang | 0.1.0 | 4.57 | 303.16 | 307.73 | NOTE | |
r-devel-linux-x86_64-debian-gcc | 0.1.0 | 3.04 | 191.20 | 194.24 | NOTE | |
r-devel-linux-x86_64-fedora-clang | 0.1.0 | 462.86 | OK | |||
r-devel-linux-x86_64-fedora-gcc | 0.1.0 | 575.17 | OK | |||
r-devel-windows-x86_64 | 0.1.0 | 7.00 | 320.00 | 327.00 | OK | |
r-patched-linux-x86_64 | 0.1.0 | 4.39 | 288.30 | 292.69 | OK | |
r-release-linux-x86_64 | 0.1.0 | 4.57 | 292.76 | 297.33 | OK | |
r-release-macos-arm64 | 0.1.0 | 142.00 | OK | |||
r-release-macos-x86_64 | 0.1.0 | 339.00 | OK | |||
r-release-windows-x86_64 | 0.1.0 | 7.00 | 317.00 | 324.00 | OK | |
r-oldrel-macos-arm64 | 0.1.0 | 149.00 | OK | |||
r-oldrel-macos-x86_64 | 0.1.0 | 297.00 | OK | |||
r-oldrel-windows-x86_64 | 0.1.0 | 8.00 | 402.00 | 410.00 | OK |
Version: 0.1.0
Check: CRAN incoming feasibility
Result: NOTE
Maintainer: ‘Gabriele Lubatti <gabriele.lubatti@helmholtz-muenchen.de>’
No Authors@R field in DESCRIPTION.
Please add one, modifying
Authors@R: person(given = "Gabriele",
family = "Lubatti",
role = c("aut", "cre"),
email = "gabriele.lubatti@helmholtz-muenchen.de")
as necessary.
Flavors: r-devel-linux-x86_64-debian-clang, r-devel-linux-x86_64-debian-gcc
These binaries (installable software) and packages are in development.
They may not be fully stable and should be used with caution. We make no claims about them.