Last updated on 2025-02-16 10:50:52 CET.
Flavor | Version | Tinstall | Tcheck | Ttotal | Status | Flags |
---|---|---|---|---|---|---|
r-devel-linux-x86_64-debian-clang | 1.5.16 | 350.09 | 84.40 | 434.49 | OK | |
r-devel-linux-x86_64-debian-gcc | 1.5.16 | 290.06 | 61.39 | 351.45 | OK | |
r-devel-linux-x86_64-fedora-clang | 1.5.16 | 863.94 | OK | |||
r-devel-linux-x86_64-fedora-gcc | 1.5.16 | 997.71 | OK | |||
r-devel-macos-arm64 | 1.5.16 | 179.00 | OK | |||
r-devel-macos-x86_64 | 1.5.16 | 187.00 | OK | |||
r-devel-windows-x86_64 | 1.5.16 | 392.00 | 184.00 | 576.00 | OK | |
r-patched-linux-x86_64 | 1.5.16 | 396.41 | 79.34 | 475.75 | OK | |
r-release-linux-x86_64 | 1.5.16 | 395.18 | 79.56 | 474.74 | OK | |
r-release-macos-arm64 | 1.5.16 | 208.00 | NOTE | |||
r-release-macos-x86_64 | 1.5.16 | 208.00 | NOTE | |||
r-release-windows-x86_64 | 1.5.16 | 392.00 | 195.00 | 587.00 | OK | |
r-oldrel-macos-arm64 | 1.5.16 | 213.00 | NOTE | |||
r-oldrel-macos-x86_64 | 1.5.16 | 238.00 | NOTE | |||
r-oldrel-windows-x86_64 | 1.5.16 | 492.00 | 199.00 | 691.00 | OK |
Version: 1.5.16
Check: installed package size
Result: NOTE
installed size is 26.6Mb
sub-directories of 1Mb or more:
libs 24.1Mb
Flavors: r-release-macos-arm64, r-release-macos-x86_64, r-oldrel-macos-arm64, r-oldrel-macos-x86_64
These binaries (installable software) and packages are in development.
They may not be fully stable and should be used with caution. We make no claims about them.