Last updated on 2025-07-02 03:50:46 CEST.
Flavor | Version | Tinstall | Tcheck | Ttotal | Status | Flags |
---|---|---|---|---|---|---|
r-devel-linux-x86_64-debian-clang | 2.3.7 | 9.33 | 108.70 | 118.03 | NOTE | |
r-devel-linux-x86_64-debian-gcc | 2.3.7 | 6.03 | 73.35 | 79.38 | NOTE | |
r-devel-linux-x86_64-fedora-clang | 2.3.7 | 189.69 | OK | |||
r-devel-linux-x86_64-fedora-gcc | 2.3.7 | 178.69 | OK | |||
r-devel-windows-x86_64 | 2.3.7 | 10.00 | 109.00 | 119.00 | OK | |
r-patched-linux-x86_64 | OK | |||||
r-release-linux-x86_64 | 2.3.7 | 7.97 | 101.93 | 109.90 | OK | |
r-release-macos-arm64 | 2.3.7 | 46.00 | OK | |||
r-release-macos-x86_64 | 2.3.7 | 96.00 | OK | |||
r-release-windows-x86_64 | 2.3.7 | 10.00 | 109.00 | 119.00 | OK | |
r-oldrel-macos-arm64 | 2.3.7 | 46.00 | OK | |||
r-oldrel-macos-x86_64 | 2.3.7 | 78.00 | OK | |||
r-oldrel-windows-x86_64 | 2.3.7 | 14.00 | 136.00 | 150.00 | OK |
Version: 2.3.7
Check: CRAN incoming feasibility
Result: NOTE
Maintainer: ‘Cristina Tortora <grikris1@gmail.com>’
No Authors@R field in DESCRIPTION.
Please add one, modifying
Authors@R: c(person(given = "Cristina",
family = "Tortora",
role = c("aut", "cre", "cph"),
email = "grikris1@gmail.com"),
person(given = "Aisha",
family = "ElSherbiny",
role = "com"),
person(given = c("Ryan", "P."),
family = "Browne",
role = c("aut", "cph")),
person(given = c("Brian", "C."),
family = "Franczak",
role = c("aut", "cph")),
person(given = c("and", "Paul", "D."),
family = "McNicholas",
role = c("aut", "cph")),
person(given = c("Donald", "D."),
family = "Amos.",
role = "ctb"))
as necessary.
Flavors: r-devel-linux-x86_64-debian-clang, r-devel-linux-x86_64-debian-gcc
These binaries (installable software) and packages are in development.
They may not be fully stable and should be used with caution. We make no claims about them.