Last updated on 2025-11-12 23:50:49 CET.
| Flavor | Version | Tinstall | Tcheck | Ttotal | Status | Flags |
|---|---|---|---|---|---|---|
| r-devel-linux-x86_64-debian-clang | 1.0.0 | 79.15 | 140.26 | 219.41 | OK | |
| r-devel-linux-x86_64-debian-gcc | 1.0.0 | 58.99 | 94.64 | 153.63 | OK | |
| r-devel-linux-x86_64-fedora-clang | 1.0.0 | 133.00 | 205.50 | 338.50 | OK | |
| r-devel-linux-x86_64-fedora-gcc | 1.0.0 | 326.00 | 41.89 | 367.89 | OK | |
| r-devel-windows-x86_64 | 1.0.0 | 72.00 | 158.00 | 230.00 | OK | |
| r-patched-linux-x86_64 | 1.0.0 | 85.25 | 135.46 | 220.71 | OK | |
| r-release-linux-x86_64 | 1.0.0 | 77.27 | 136.24 | 213.51 | OK | |
| r-release-macos-arm64 | 1.0.0 | 30.00 | 52.00 | 82.00 | OK | |
| r-release-macos-x86_64 | 1.0.0 | 55.00 | 119.00 | 174.00 | OK | |
| r-release-windows-x86_64 | 1.0.0 | 71.00 | 159.00 | 230.00 | OK | |
| r-oldrel-macos-arm64 | 1.0.0 | 31.00 | 51.00 | 82.00 | NOTE | |
| r-oldrel-macos-x86_64 | 1.0.0 | 47.00 | 106.00 | 153.00 | NOTE | |
| r-oldrel-windows-x86_64 | 1.0.0 | 96.00 | 218.00 | 314.00 | OK |
Version: 1.0.0
Check: installed package size
Result: NOTE
installed size is 41.3Mb
sub-directories of 1Mb or more:
libs 41.0Mb
Flavors: r-oldrel-macos-arm64, r-oldrel-macos-x86_64
These binaries (installable software) and packages are in development.
They may not be fully stable and should be used with caution. We make no claims about them.