Last updated on 2025-05-01 10:50:15 CEST.
Flavor | Version | Tinstall | Tcheck | Ttotal | Status | Flags |
---|---|---|---|---|---|---|
r-devel-linux-x86_64-debian-clang | 1.0.0 | 76.29 | 129.62 | 205.91 | NOTE | |
r-devel-linux-x86_64-debian-gcc | 1.0.0 | 58.57 | 86.31 | 144.88 | OK | |
r-devel-linux-x86_64-fedora-clang | 1.0.0 | 313.66 | OK | |||
r-devel-linux-x86_64-fedora-gcc | 1.0.0 | 331.13 | OK | |||
r-devel-windows-x86_64 | 1.0.0 | 75.00 | 152.00 | 227.00 | OK | |
r-patched-linux-x86_64 | 1.0.0 | 76.56 | 124.99 | 201.55 | OK | |
r-release-linux-x86_64 | OK | |||||
r-release-macos-arm64 | 1.0.0 | 82.00 | OK | |||
r-release-macos-x86_64 | 1.0.0 | 174.00 | OK | |||
r-release-windows-x86_64 | 1.0.0 | 78.00 | 156.00 | 234.00 | OK | |
r-oldrel-macos-arm64 | 1.0.0 | 82.00 | NOTE | |||
r-oldrel-macos-x86_64 | 1.0.0 | 153.00 | NOTE | |||
r-oldrel-windows-x86_64 | 1.0.0 | 90.00 | 195.00 | 285.00 | OK |
Version: 1.0.0
Check: examples
Result: NOTE
Examples with CPU (user + system) or elapsed time > 5s
user system elapsed
stdUnique 9.680 0.000 12.478
generate_heatmap 9.624 0.055 12.144
plot_BIC 9.538 0.008 13.479
Oblimin_Rotation 9.403 0.008 13.252
Fixed_coef 9.303 0.105 13.516
Predict 9.346 0.026 11.792
MLFA 9.365 0.005 14.228
simulated_MLFA 9.267 0.006 13.612
Flavor: r-devel-linux-x86_64-debian-clang
Version: 1.0.0
Check: examples
Result: NA
user system elapsed
generate_heatmap 5.362 0.177 6.804
stdUnique 5.446 0.047 8.035
Fixed_coef 5.251 0.076 7.193
plot_BIC 5.262 0.008 7.184
MLFA 5.226 0.029 6.806
Predict 5.234 0.001 7.063
Oblimin_Rotation 5.149 0.044 7.028
simulated_MLFA 5.153 0.004 6.896
OK
Flavor: r-devel-linux-x86_64-debian-gcc
Version: 1.0.0
Check: installed package size
Result: NOTE
installed size is 41.3Mb
sub-directories of 1Mb or more:
libs 41.0Mb
Flavors: r-oldrel-macos-arm64, r-oldrel-macos-x86_64
These binaries (installable software) and packages are in development.
They may not be fully stable and should be used with caution. We make no claims about them.