Last updated on 2025-05-01 14:49:15 CEST.
Flavor | Version | Tinstall | Tcheck | Ttotal | Status | Flags |
---|---|---|---|---|---|---|
r-devel-linux-x86_64-debian-clang | 1.0 | 2.01 | 24.62 | 26.63 | NOTE | |
r-devel-linux-x86_64-debian-gcc | 1.0 | 1.53 | 19.65 | 21.18 | NOTE | |
r-devel-linux-x86_64-fedora-clang | 1.0 | 42.64 | NOTE | |||
r-devel-linux-x86_64-fedora-gcc | 1.0 | 41.36 | NOTE | |||
r-devel-windows-x86_64 | 1.0 | 3.00 | 50.00 | 53.00 | NOTE | |
r-patched-linux-x86_64 | 1.0 | 1.95 | 23.69 | 25.64 | NOTE | |
r-release-linux-x86_64 | NOTE | |||||
r-release-macos-arm64 | 1.0 | 19.00 | NOTE | |||
r-release-macos-x86_64 | 1.0 | 27.00 | NOTE | |||
r-release-windows-x86_64 | 1.0 | 3.00 | 52.00 | 55.00 | NOTE | |
r-oldrel-macos-arm64 | 1.0 | 17.00 | NOTE | |||
r-oldrel-macos-x86_64 | 1.0 | 37.00 | NOTE | |||
r-oldrel-windows-x86_64 | 1.0 | 3.00 | 47.00 | 50.00 | NOTE |
Version: 1.0
Check: CRAN incoming feasibility
Result: NOTE
Maintainer: ‘Brian C. Franczak <franczakb@macewan.ca>’
No Authors@R field in DESCRIPTION.
Please add one, modifying
Authors@R: c(person(given = c("Brian", "C."),
family = "Franczak",
role = c("aut", "cre"),
email = "franczakb@macewan.ca"),
person(given = c("Ryan", "P."),
family = "Browne",
role = c("aut", "cph")),
person(given = c("Paul", "D."),
family = "McNicholas",
role = c("aut", "cph")),
person(given = c("Katherine", "L."),
family = "Burak",
role = "ctb"))
as necessary.
Flavors: r-devel-linux-x86_64-debian-clang, r-devel-linux-x86_64-debian-gcc
Version: 1.0
Check: Rd files
Result: NOTE
checkRd: (-1) MixSAL-package.Rd:19: Lost braces; missing escapes or markup?
19 | This package contains the function {msal} for carrying about model based clustering using mixtures of SAL distributions; the functions {rsal} and {rmsal} for generating data from a multivariate SAL or mixture of multivariate SAL distributions, and hte functions {dsal} and {dmsal} for evaluating the model based clustering and classification using the mixture of generalized hyperbolic factor analyzers;
| ^
checkRd: (-1) MixSAL-package.Rd:19: Lost braces; missing escapes or markup?
19 | This package contains the function {msal} for carrying about model based clustering using mixtures of SAL distributions; the functions {rsal} and {rmsal} for generating data from a multivariate SAL or mixture of multivariate SAL distributions, and hte functions {dsal} and {dmsal} for evaluating the model based clustering and classification using the mixture of generalized hyperbolic factor analyzers;
| ^
checkRd: (-1) MixSAL-package.Rd:19: Lost braces; missing escapes or markup?
19 | This package contains the function {msal} for carrying about model based clustering using mixtures of SAL distributions; the functions {rsal} and {rmsal} for generating data from a multivariate SAL or mixture of multivariate SAL distributions, and hte functions {dsal} and {dmsal} for evaluating the model based clustering and classification using the mixture of generalized hyperbolic factor analyzers;
| ^
checkRd: (-1) MixSAL-package.Rd:19: Lost braces; missing escapes or markup?
19 | This package contains the function {msal} for carrying about model based clustering using mixtures of SAL distributions; the functions {rsal} and {rmsal} for generating data from a multivariate SAL or mixture of multivariate SAL distributions, and hte functions {dsal} and {dmsal} for evaluating the model based clustering and classification using the mixture of generalized hyperbolic factor analyzers;
| ^
checkRd: (-1) MixSAL-package.Rd:19: Lost braces; missing escapes or markup?
19 | This package contains the function {msal} for carrying about model based clustering using mixtures of SAL distributions; the functions {rsal} and {rmsal} for generating data from a multivariate SAL or mixture of multivariate SAL distributions, and hte functions {dsal} and {dmsal} for evaluating the model based clustering and classification using the mixture of generalized hyperbolic factor analyzers;
| ^
checkRd: (-1) msal.Rd:45: Lost braces; missing escapes or markup?
45 | The {msal} function outputs a list with the following components:
| ^
Flavors: r-devel-linux-x86_64-debian-clang, r-devel-linux-x86_64-debian-gcc, r-devel-linux-x86_64-fedora-clang, r-devel-linux-x86_64-fedora-gcc, r-devel-windows-x86_64, r-patched-linux-x86_64, r-release-linux-x86_64, r-release-macos-arm64, r-release-macos-x86_64, r-release-windows-x86_64, r-oldrel-macos-arm64, r-oldrel-macos-x86_64, r-oldrel-windows-x86_64
These binaries (installable software) and packages are in development.
They may not be fully stable and should be used with caution. We make no claims about them.