CRAN Package Check Results for Package MixSIAR

Last updated on 2025-10-23 17:50:54 CEST.

Flavor Version Tinstall Tcheck Ttotal Status Flags
r-devel-linux-x86_64-debian-clang 3.1.12 7.34 89.07 96.41 NOTE
r-devel-linux-x86_64-debian-gcc 3.1.12 3.72 60.85 64.57 NOTE
r-devel-linux-x86_64-fedora-clang 3.1.12 17.00 138.21 155.21 OK
r-devel-linux-x86_64-fedora-gcc 3.1.12 15.00 190.71 205.71 OK
r-devel-windows-x86_64 3.1.12 9.00 103.00 112.00 OK
r-patched-linux-x86_64 3.1.12 6.78 80.37 87.15 OK
r-release-linux-x86_64 3.1.12 6.18 81.32 87.50 OK
r-release-macos-arm64 3.1.12 3.00 77.00 80.00 OK
r-release-macos-x86_64 3.1.12 6.00 157.00 163.00 OK
r-release-windows-x86_64 3.1.12 8.00 104.00 112.00 OK
r-oldrel-macos-arm64 3.1.12 3.00 60.00 63.00 NOTE
r-oldrel-macos-x86_64 3.1.12 4.00 93.00 97.00 NOTE
r-oldrel-windows-x86_64 3.1.12 12.00 131.00 143.00 NOTE

Check Details

Version: 3.1.12
Check: CRAN incoming feasibility
Result: NOTE Maintainer: ‘Brian Stock <bstock09@gmail.com>’ Package CITATION file contains call(s) to old-style personList() or as.personList(). Please use c() on person objects instead. Package CITATION file contains call(s) to old-style citEntry(). Please use bibentry() instead. Flavors: r-devel-linux-x86_64-debian-clang, r-devel-linux-x86_64-debian-gcc

Version: 3.1.12
Check: HTML version of manual
Result: NOTE Found the following HTML validation problems: plot_prior.html:70:1 (plot_prior.Rd:24): Warning: missing </ul> before </div> Flavor: r-devel-linux-x86_64-debian-clang

Version: 3.1.12
Check: LazyData
Result: NOTE 'LazyData' is specified without a 'data' directory Flavors: r-oldrel-macos-arm64, r-oldrel-macos-x86_64, r-oldrel-windows-x86_64

These binaries (installable software) and packages are in development.
They may not be fully stable and should be used with caution. We make no claims about them.