CRAN Package Check Results for Package MixfMRI

Last updated on 2025-07-26 07:50:27 CEST.

Flavor Version Tinstall Tcheck Ttotal Status Flags
r-devel-linux-x86_64-debian-clang 0.1-4 13.10 93.79 106.89 OK
r-devel-linux-x86_64-debian-gcc 0.1-4 9.38 68.57 77.95 OK
r-devel-linux-x86_64-fedora-clang 0.1-4 164.40 OK
r-devel-linux-x86_64-fedora-gcc 0.1-4 171.86 OK
r-devel-windows-x86_64 0.1-4 25.00 130.00 155.00 OK
r-patched-linux-x86_64 0.1-4 11.47 88.66 100.13 OK
r-release-linux-x86_64 0.1-4 12.30 88.73 101.03 OK
r-release-macos-arm64 0.1-4 71.00 OK
r-release-macos-x86_64 0.1-4 128.00 OK
r-release-windows-x86_64 0.1-4 25.00 133.00 158.00 OK
r-oldrel-macos-arm64 0.1-4 71.00 NOTE
r-oldrel-macos-x86_64 0.1-4 138.00 NOTE
r-oldrel-windows-x86_64 0.1-4 29.00 145.00 174.00 OK

Check Details

Version: 0.1-4
Check: package dependencies
Result: NOTE Package which this enhances but not available for checking: ‘pbdMPI’ Flavors: r-oldrel-macos-arm64, r-oldrel-macos-x86_64

These binaries (installable software) and packages are in development.
They may not be fully stable and should be used with caution. We make no claims about them.