Last updated on 2025-10-23 21:51:33 CEST.
Flavor | Version | Tinstall | Tcheck | Ttotal | Status | Flags |
---|---|---|---|---|---|---|
r-devel-linux-x86_64-debian-clang | 0.1-4 | 11.68 | 97.29 | 108.97 | OK | |
r-devel-linux-x86_64-debian-gcc | 0.1-4 | 8.46 | 71.72 | 80.18 | OK | |
r-devel-linux-x86_64-fedora-clang | 0.1-4 | 29.00 | 139.87 | 168.87 | OK | |
r-devel-linux-x86_64-fedora-gcc | 0.1-4 | 26.00 | 145.84 | 171.84 | OK | |
r-devel-windows-x86_64 | 0.1-4 | 23.00 | 128.00 | 151.00 | OK | |
r-patched-linux-x86_64 | 0.1-4 | 12.13 | 93.09 | 105.22 | OK | |
r-release-linux-x86_64 | 0.1-4 | 12.47 | 93.34 | 105.81 | OK | |
r-release-macos-arm64 | 0.1-4 | 14.00 | 57.00 | 71.00 | OK | |
r-release-macos-x86_64 | 0.1-4 | 23.00 | 105.00 | 128.00 | OK | |
r-release-windows-x86_64 | 0.1-4 | 25.00 | 133.00 | 158.00 | OK | |
r-oldrel-macos-arm64 | 0.1-4 | 8.00 | 63.00 | 71.00 | NOTE | |
r-oldrel-macos-x86_64 | 0.1-4 | 13.00 | 125.00 | 138.00 | NOTE | |
r-oldrel-windows-x86_64 | 0.1-4 | 30.00 | 144.00 | 174.00 | OK |
Version: 0.1-4
Check: package dependencies
Result: NOTE
Package which this enhances but not available for checking: ‘pbdMPI’
Flavors: r-oldrel-macos-arm64, r-oldrel-macos-x86_64
These binaries (installable software) and packages are in development.
They may not be fully stable and should be used with caution. We make no claims about them.