Last updated on 2025-10-09 23:51:19 CEST.
Flavor | Version | Tinstall | Tcheck | Ttotal | Status | Flags |
---|---|---|---|---|---|---|
r-devel-linux-x86_64-debian-clang | 0.6.1 | 5.17 | 50.84 | 56.01 | OK | |
r-devel-linux-x86_64-debian-gcc | 0.6.1 | 4.19 | 34.74 | 38.93 | OK | |
r-devel-linux-x86_64-fedora-clang | 0.6.1 | 87.92 | NOTE | |||
r-devel-linux-x86_64-fedora-gcc | 0.6.1 | 86.56 | NOTE | |||
r-devel-windows-x86_64 | 0.6.1 | 8.00 | 77.00 | 85.00 | OK | |
r-patched-linux-x86_64 | 0.6.1 | 7.02 | 47.65 | 54.67 | OK | |
r-release-linux-x86_64 | 0.6.1 | 4.97 | 47.80 | 52.77 | OK | |
r-release-macos-arm64 | 0.6.1 | 28.00 | OK | |||
r-release-macos-x86_64 | 0.6.1 | 47.00 | OK | |||
r-release-windows-x86_64 | 0.6.1 | 10.00 | 72.00 | 82.00 | OK | |
r-oldrel-macos-arm64 | 0.6.1 | 31.00 | OK | |||
r-oldrel-macos-x86_64 | 0.6.1 | 48.00 | OK | |||
r-oldrel-windows-x86_64 | 0.6.1 | 15.00 | 85.00 | 100.00 | OK |
Version: 0.6.1
Check: compiled code
Result: NOTE
File ‘MixtureFitting/libs/MixtureFitting.so’:
Found no calls to: ‘R_registerRoutines’, ‘R_useDynamicSymbols’
It is good practice to register native routines and to disable symbol
search.
See ‘Writing portable packages’ in the ‘Writing R Extensions’ manual.
Flavors: r-devel-linux-x86_64-fedora-clang, r-devel-linux-x86_64-fedora-gcc
These binaries (installable software) and packages are in development.
They may not be fully stable and should be used with caution. We make no claims about them.