Last updated on 2025-11-11 15:50:39 CET.
| Flavor | Version | Tinstall | Tcheck | Ttotal | Status | Flags |
|---|---|---|---|---|---|---|
| r-devel-linux-x86_64-debian-clang | 0.6.1 | 5.30 | 49.70 | 55.00 | OK | |
| r-devel-linux-x86_64-debian-gcc | 0.6.1 | 4.00 | 34.80 | 38.80 | OK | |
| r-devel-linux-x86_64-fedora-clang | 0.6.1 | 13.00 | 76.39 | 89.39 | NOTE | |
| r-devel-linux-x86_64-fedora-gcc | 0.6.1 | 25.00 | 63.75 | 88.75 | NOTE | |
| r-devel-windows-x86_64 | 0.6.1 | 8.00 | 75.00 | 83.00 | OK | |
| r-patched-linux-x86_64 | 0.6.1 | 6.68 | 48.35 | 55.03 | OK | |
| r-release-linux-x86_64 | 0.6.1 | 5.34 | 47.92 | 53.26 | OK | |
| r-release-macos-arm64 | 0.6.1 | 5.00 | 23.00 | 28.00 | OK | |
| r-release-macos-x86_64 | 0.6.1 | 7.00 | 40.00 | 47.00 | OK | |
| r-release-windows-x86_64 | 0.6.1 | 10.00 | 71.00 | 81.00 | OK | |
| r-oldrel-macos-arm64 | 0.6.1 | 4.00 | 27.00 | 31.00 | OK | |
| r-oldrel-macos-x86_64 | 0.6.1 | 7.00 | 41.00 | 48.00 | OK | |
| r-oldrel-windows-x86_64 | 0.6.1 | 15.00 | 85.00 | 100.00 | OK |
Version: 0.6.1
Check: compiled code
Result: NOTE
File ‘MixtureFitting/libs/MixtureFitting.so’:
Found no calls to: ‘R_registerRoutines’, ‘R_useDynamicSymbols’
It is good practice to register native routines and to disable symbol
search.
See ‘Writing portable packages’ in the ‘Writing R Extensions’ manual.
Flavors: r-devel-linux-x86_64-fedora-clang, r-devel-linux-x86_64-fedora-gcc
These binaries (installable software) and packages are in development.
They may not be fully stable and should be used with caution. We make no claims about them.