Last updated on 2025-02-16 10:50:52 CET.
Flavor | Version | Tinstall | Tcheck | Ttotal | Status | Flags |
---|---|---|---|---|---|---|
r-devel-linux-x86_64-debian-clang | 3.0.4 | 18.24 | 125.25 | 143.49 | OK | |
r-devel-linux-x86_64-debian-gcc | 3.0.4 | 12.83 | 85.36 | 98.19 | OK | |
r-devel-linux-x86_64-fedora-clang | 3.0.4 | 235.65 | OK | |||
r-devel-linux-x86_64-fedora-gcc | 3.0.4 | 210.63 | OK | |||
r-devel-macos-arm64 | 3.0.4 | 51.00 | OK | |||
r-devel-macos-x86_64 | 3.0.4 | 130.00 | OK | |||
r-devel-windows-x86_64 | 3.0.4 | 18.00 | 115.00 | 133.00 | OK | |
r-patched-linux-x86_64 | 3.0.4 | 15.76 | 113.13 | 128.89 | OK | |
r-release-linux-x86_64 | 3.0.4 | 17.19 | 112.70 | 129.89 | OK | |
r-release-macos-arm64 | 3.0.4 | 12.00 | ERROR | |||
r-release-macos-x86_64 | 3.0.4 | 115.00 | OK | |||
r-release-windows-x86_64 | 3.0.4 | 17.00 | 118.00 | 135.00 | OK | |
r-oldrel-macos-arm64 | 3.0.3 | 66.00 | OK | |||
r-oldrel-macos-x86_64 | 3.0.4 | 115.00 | OK | |||
r-oldrel-windows-x86_64 | 3.0.4 | 25.00 | 144.00 | 169.00 | OK |
Version: 3.0.4
Check: whether package can be installed
Result: ERROR
Installation failed.
Flavor: r-release-macos-arm64
These binaries (installable software) and packages are in development.
They may not be fully stable and should be used with caution. We make no claims about them.