Last updated on 2025-05-08 04:52:11 CEST.
Flavor | Version | Tinstall | Tcheck | Ttotal | Status | Flags |
---|---|---|---|---|---|---|
r-devel-linux-x86_64-debian-clang | 3.5.0 | 5.50 | 51.99 | 57.49 | NOTE | |
r-devel-linux-x86_64-debian-gcc | 3.5.0 | 4.49 | 38.96 | 43.45 | NOTE | |
r-devel-linux-x86_64-fedora-clang | 3.5.0 | 100.79 | OK | |||
r-devel-linux-x86_64-fedora-gcc | 3.5.0 | 102.90 | OK | |||
r-devel-windows-x86_64 | 3.5.0 | 7.00 | 72.00 | 79.00 | OK | |
r-patched-linux-x86_64 | 3.5.0 | 5.67 | 50.44 | 56.11 | OK | |
r-release-linux-x86_64 | 3.5.0 | 5.86 | 49.88 | 55.74 | OK | |
r-release-macos-arm64 | 3.5.0 | 50.00 | OK | |||
r-release-macos-x86_64 | 3.5.0 | 77.00 | OK | |||
r-release-windows-x86_64 | 3.5.0 | 7.00 | 70.00 | 77.00 | OK | |
r-oldrel-macos-arm64 | 3.5.0 | 50.00 | OK | |||
r-oldrel-macos-x86_64 | 3.5.0 | 93.00 | OK | |||
r-oldrel-windows-x86_64 | 3.5.0 | 11.00 | 85.00 | 96.00 | OK |
Version: 3.5.0
Check: DESCRIPTION meta-information
Result: NOTE
Author field differs from that derived from Authors@R
Author: ‘Michael Sovic [aut, ccp, cre] (<https://orcid.org/0000-0002-8556-3704>), Francesca Savona [res], Zuzana Bohrerova [res, fnd], Seth Faith [ccp, ctb] (0000-0002-0441-9859)’
Authors@R: ‘Michael Sovic [aut, ccp, cre] (ORCID: <https://orcid.org/0000-0002-8556-3704>), Francesca Savona [res], Zuzana Bohrerova [res, fnd], Seth Faith [ccp, ctb] (ORDIC: 0000-0002-0441-9859)’
Flavors: r-devel-linux-x86_64-debian-clang, r-devel-linux-x86_64-debian-gcc
These binaries (installable software) and packages are in development.
They may not be fully stable and should be used with caution. We make no claims about them.