Last updated on 2025-02-16 10:50:52 CET.
Flavor | Version | Tinstall | Tcheck | Ttotal | Status | Flags |
---|---|---|---|---|---|---|
r-devel-linux-x86_64-debian-clang | 1.0.1 | 11.53 | 155.48 | 167.01 | NOTE | |
r-devel-linux-x86_64-debian-gcc | 1.0.1 | 8.15 | 101.78 | 109.93 | NOTE | |
r-devel-linux-x86_64-fedora-clang | 1.0.1 | 283.80 | NOTE | |||
r-devel-linux-x86_64-fedora-gcc | 1.0.1 | 256.22 | NOTE | |||
r-devel-macos-arm64 | 1.0.1 | 55.00 | NOTE | |||
r-devel-macos-x86_64 | 1.0.1 | 133.00 | NOTE | |||
r-devel-windows-x86_64 | 1.0.1 | 12.00 | 141.00 | 153.00 | NOTE | |
r-patched-linux-x86_64 | 1.0.1 | 11.56 | 147.88 | 159.44 | NOTE | |
r-release-linux-x86_64 | 1.0.1 | 10.83 | 155.40 | 166.23 | NOTE | |
r-release-macos-arm64 | 1.0.1 | 57.00 | NOTE | |||
r-release-macos-x86_64 | 1.0.1 | 97.00 | NOTE | |||
r-release-windows-x86_64 | 1.0.1 | 11.00 | 140.00 | 151.00 | NOTE | |
r-oldrel-macos-arm64 | 1.0.1 | 63.00 | NOTE | |||
r-oldrel-macos-x86_64 | 1.0.1 | 121.00 | NOTE | |||
r-oldrel-windows-x86_64 | 1.0.1 | 13.00 | 197.00 | 210.00 | NOTE |
Version: 1.0.1
Check: package subdirectories
Result: NOTE
Problems with news in ‘NEWS.md’:
No news entries found.
Flavors: r-devel-linux-x86_64-debian-clang, r-devel-linux-x86_64-debian-gcc, r-devel-linux-x86_64-fedora-clang, r-devel-linux-x86_64-fedora-gcc, r-devel-macos-arm64, r-devel-macos-x86_64, r-devel-windows-x86_64, r-patched-linux-x86_64, r-release-linux-x86_64, r-release-macos-arm64, r-release-macos-x86_64, r-release-windows-x86_64, r-oldrel-macos-arm64, r-oldrel-macos-x86_64, r-oldrel-windows-x86_64
Version: 1.0.1
Check: Rd files
Result: NOTE
checkRd: (-1) CHECKSUCCESS.Rd:44: Escaped LaTeX specials: \&
Flavors: r-devel-linux-x86_64-debian-clang, r-devel-linux-x86_64-debian-gcc, r-devel-linux-x86_64-fedora-clang, r-devel-linux-x86_64-fedora-gcc, r-devel-macos-arm64, r-devel-macos-x86_64, r-devel-windows-x86_64, r-patched-linux-x86_64, r-release-linux-x86_64, r-release-macos-arm64, r-release-macos-x86_64, r-release-windows-x86_64, r-oldrel-macos-arm64, r-oldrel-macos-x86_64, r-oldrel-windows-x86_64
These binaries (installable software) and packages are in development.
They may not be fully stable and should be used with caution. We make no claims about them.