CRAN Package Check Results for Package MoLE

Last updated on 2025-10-09 17:50:44 CEST.

Flavor Version Tinstall Tcheck Ttotal Status Flags
r-devel-linux-x86_64-debian-clang 1.0.1 11.01 169.16 180.17 NOTE
r-devel-linux-x86_64-debian-gcc 1.0.1 7.49 95.95 103.44 NOTE
r-devel-linux-x86_64-fedora-clang 1.0.1 287.28 NOTE
r-devel-linux-x86_64-fedora-gcc 1.0.1 270.24 NOTE
r-devel-windows-x86_64 1.0.1 12.00 144.00 156.00 NOTE
r-patched-linux-x86_64 1.0.1 12.18 150.82 163.00 NOTE
r-release-linux-x86_64 1.0.1 12.31 151.71 164.02 NOTE
r-release-macos-arm64 1.0.1 57.00 NOTE
r-release-macos-x86_64 1.0.1 133.00 NOTE
r-release-windows-x86_64 1.0.1 11.00 143.00 154.00 NOTE
r-oldrel-macos-arm64 1.0.1 57.00 NOTE
r-oldrel-macos-x86_64 1.0.1 97.00 NOTE
r-oldrel-windows-x86_64 1.0.1 11.00 140.00 151.00 NOTE

Check Details

Version: 1.0.1
Check: CRAN incoming feasibility
Result: NOTE Maintainer: ‘Sander Lestrade <samlestrade@protonmail.com>’ No Authors@R field in DESCRIPTION. Please add one, modifying Authors@R: person(given = "Sander", family = "Lestrade", role = c("aut", "cre"), email = "samlestrade@protonmail.com") as necessary. Flavors: r-devel-linux-x86_64-debian-clang, r-devel-linux-x86_64-debian-gcc

Version: 1.0.1
Check: package subdirectories
Result: NOTE Problems with news in ‘NEWS.md’: No news entries found. Flavors: r-devel-linux-x86_64-debian-clang, r-devel-linux-x86_64-debian-gcc, r-devel-linux-x86_64-fedora-clang, r-devel-linux-x86_64-fedora-gcc, r-devel-windows-x86_64, r-patched-linux-x86_64, r-release-linux-x86_64, r-release-macos-arm64, r-release-macos-x86_64, r-release-windows-x86_64, r-oldrel-macos-arm64, r-oldrel-macos-x86_64, r-oldrel-windows-x86_64

Version: 1.0.1
Check: Rd files
Result: NOTE checkRd: (-1) CHECKSUCCESS.Rd:44: Escaped LaTeX specials: \& Flavors: r-devel-linux-x86_64-debian-clang, r-devel-linux-x86_64-debian-gcc, r-devel-linux-x86_64-fedora-clang, r-devel-linux-x86_64-fedora-gcc, r-devel-windows-x86_64, r-patched-linux-x86_64, r-release-linux-x86_64, r-release-macos-arm64, r-release-macos-x86_64, r-release-windows-x86_64, r-oldrel-macos-arm64, r-oldrel-macos-x86_64, r-oldrel-windows-x86_64

These binaries (installable software) and packages are in development.
They may not be fully stable and should be used with caution. We make no claims about them.