CRAN Package Check Results for Package ModStatR

Last updated on 2025-02-16 10:50:52 CET.

Flavor Version Tinstall Tcheck Ttotal Status Flags
r-devel-linux-x86_64-debian-clang 1.3.3 4.18 29.98 34.16 NOTE
r-devel-linux-x86_64-debian-gcc 1.3.3 4.42 23.77 28.19 NOTE
r-devel-linux-x86_64-fedora-clang 1.3.3 54.84 OK
r-devel-linux-x86_64-fedora-gcc 1.3.3 51.51 OK
r-devel-macos-arm64 1.3.3 26.00 OK
r-devel-macos-x86_64 1.3.3 33.00 OK
r-devel-windows-x86_64 1.3.3 6.00 54.00 60.00 OK
r-patched-linux-x86_64 1.3.3 5.18 27.35 32.53 OK
r-release-linux-x86_64 1.3.3 5.26 27.60 32.86 OK
r-release-macos-arm64 1.3.3 22.00 NOTE
r-release-macos-x86_64 1.3.3 30.00 NOTE
r-release-windows-x86_64 1.3.3 7.00 54.00 61.00 OK
r-oldrel-macos-arm64 1.3.3 26.00 NOTE
r-oldrel-macos-x86_64 1.3.3 33.00 NOTE
r-oldrel-windows-x86_64 1.3.3 9.00 69.00 78.00 OK

Check Details

Version: 1.3.3
Check: for unstated dependencies in ‘demo’
Result: NOTE '::' or ':::' imports not declared from: ‘GGally’ ‘ade4’ ‘ggiraphExtra’ ‘lattice’ 'library' or 'require' calls not declared from: ‘DescTools’ ‘FactoMineR’ ‘GGally’ ‘ISLR’ ‘Kendall’ ‘MASS’ ‘MBESS’ ‘MVN’ ‘PCAmixdata’ ‘RColorBrewer’ ‘SuppDists’ ‘ade4’ ‘adegraphics’ ‘broom’ ‘car’ ‘coin’ ‘combinat’ ‘corpcor’ ‘corrplot’ ‘devtools’ ‘dplyr’ ‘factoextra’ ‘finalfit’ ‘ggcorrplot’ ‘ggdendro’ ‘ggiraphExtra’ ‘ggpubr’ ‘glmnet’ ‘hnp’ ‘lattice’ ‘leaps’ ‘mice’ ‘mvtnorm’ ‘naniar’ ‘ppcor’ ‘pspearman’ ‘pwr’ ‘questionr’ ‘rgl’ ‘rms’ ‘vcd’ ‘vegan’ ‘yarrr’ Flavors: r-devel-linux-x86_64-debian-clang, r-devel-linux-x86_64-debian-gcc

Version: 1.3.3
Check: installed package size
Result: NOTE installed size is 5.6Mb sub-directories of 1Mb or more: data 5.3Mb Flavors: r-release-macos-arm64, r-release-macos-x86_64, r-oldrel-macos-arm64, r-oldrel-macos-x86_64

These binaries (installable software) and packages are in development.
They may not be fully stable and should be used with caution. We make no claims about them.