Last updated on 2025-10-03 11:50:52 CEST.
Flavor | Version | Tinstall | Tcheck | Ttotal | Status | Flags |
---|---|---|---|---|---|---|
r-devel-linux-x86_64-debian-clang | 1.4.1 | 4.75 | 36.40 | 41.15 | OK | |
r-devel-linux-x86_64-debian-gcc | 1.4.1 | 3.55 | 28.59 | 32.14 | OK | |
r-devel-linux-x86_64-fedora-clang | 1.4.1 | 60.01 | OK | |||
r-devel-linux-x86_64-fedora-gcc | 1.4.1 | 60.91 | OK | |||
r-devel-windows-x86_64 | 1.4.1 | 8.00 | 59.00 | 67.00 | OK | |
r-patched-linux-x86_64 | 1.4.1 | 4.69 | 34.75 | 39.44 | OK | |
r-release-linux-x86_64 | 1.4.1 | 4.98 | 34.52 | 39.50 | OK | |
r-release-macos-arm64 | 1.4.1 | 23.00 | OK | |||
r-release-macos-x86_64 | 1.4.1 | 42.00 | OK | |||
r-release-windows-x86_64 | 1.4.1 | 7.00 | 59.00 | 66.00 | OK | |
r-oldrel-macos-arm64 | 1.4.1 | 29.00 | NOTE | |||
r-oldrel-macos-x86_64 | 1.4.1 | 45.00 | NOTE | |||
r-oldrel-windows-x86_64 | 1.4.1 | 11.00 | 67.00 | 78.00 | OK |
Version: 1.4.1
Check: installed package size
Result: NOTE
installed size is 5.6Mb
sub-directories of 1Mb or more:
data 5.3Mb
Flavors: r-oldrel-macos-arm64, r-oldrel-macos-x86_64
These binaries (installable software) and packages are in development.
They may not be fully stable and should be used with caution. We make no claims about them.