Last updated on 2025-05-01 14:49:15 CEST.
Flavor | Version | Tinstall | Tcheck | Ttotal | Status | Flags |
---|---|---|---|---|---|---|
r-devel-linux-x86_64-debian-clang | 0.7 | 2.34 | 49.35 | 51.69 | NOTE | |
r-devel-linux-x86_64-debian-gcc | 0.7 | 2.27 | 34.87 | 37.14 | NOTE | |
r-devel-linux-x86_64-fedora-clang | 0.7 | 81.79 | OK | |||
r-devel-linux-x86_64-fedora-gcc | 0.7 | 96.95 | OK | |||
r-devel-windows-x86_64 | 0.7 | 4.00 | 80.00 | 84.00 | OK | |
r-patched-linux-x86_64 | 0.7 | 2.89 | 47.45 | 50.34 | OK | |
r-release-linux-x86_64 | OK | |||||
r-release-macos-arm64 | 0.7 | 33.00 | OK | |||
r-release-macos-x86_64 | 0.7 | 78.00 | OK | |||
r-release-windows-x86_64 | 0.7 | 4.00 | 79.00 | 83.00 | OK | |
r-oldrel-macos-arm64 | 0.7 | 30.00 | OK | |||
r-oldrel-macos-x86_64 | 0.7 | 57.00 | OK | |||
r-oldrel-windows-x86_64 | 0.7 | 5.00 | 88.00 | 93.00 | OK |
Version: 0.7
Check: CRAN incoming feasibility
Result: NOTE
Maintainer: ‘Surajit Ray <surajit.ray@glasgow.ac.uk>’
No Authors@R field in DESCRIPTION.
Please add one, modifying
Authors@R: c(person(given = "Surajit",
family = "Ray",
role = c("aut", "cre"),
email = "surajit.ray@glasgow.ac.uk"),
person(given = "Yansong",
family = "Cheng",
role = "aut"))
as necessary.
Found the following \keyword or \concept entries
which likely give several index terms:
File ‘HMAC.Rd’:
\keyword{cluster, hierarchical, nested, modal}
File ‘choose.cluster.Rd’:
\keyword{cluster, hierarchical, nested, modal}
File ‘contourHMAC.Rd’:
\keyword{cluster, hierarchical, nested, modal}
File ‘hard.HMAC.Rd’:
\keyword{cluster, hierarchical, nested, modal}
File ‘pHMAC.Rd’:
\keyword{cluster, hierarchical, nested, modal}
File ‘plot.hmac.Rd’:
\keyword{cluster, hierarchical, nested, modal}
File ‘soft.HMAC.Rd’:
\keyword{cluster, hierarchical, nested, modal}
File ‘summary.hmac.Rd’:
\keyword{cluster, hierarchical, nested, modal}
Flavors: r-devel-linux-x86_64-debian-clang, r-devel-linux-x86_64-debian-gcc
These binaries (installable software) and packages are in development.
They may not be fully stable and should be used with caution. We make no claims about them.