CRAN Package Check Results for Package Modelcharts

Last updated on 2025-05-08 04:52:11 CEST.

Flavor Version Tinstall Tcheck Ttotal Status Flags
r-devel-linux-x86_64-debian-clang 0.1.0 5.43 48.98 54.41 OK
r-devel-linux-x86_64-debian-gcc 0.1.0 4.63 34.28 38.91 OK
r-devel-linux-x86_64-fedora-clang 0.1.0 72.64 OK
r-devel-linux-x86_64-fedora-gcc 0.1.0 78.69 OK
r-devel-windows-x86_64 0.1.0 7.00 60.00 67.00 OK
r-patched-linux-x86_64 0.1.0 5.95 44.54 50.49 OK
r-release-linux-x86_64 0.1.0 5.79 44.05 49.84 OK
r-release-macos-arm64 0.1.0 26.00 OK
r-release-macos-x86_64 0.1.0 50.00 OK
r-release-windows-x86_64 0.1.0 8.00 62.00 70.00 OK
r-oldrel-macos-arm64 0.1.0 27.00 NOTE
r-oldrel-macos-x86_64 0.1.0 38.00 NOTE
r-oldrel-windows-x86_64 0.1.0 10.00 75.00 85.00 NOTE

Check Details

Version: 0.1.0
Check: LazyData
Result: NOTE 'LazyData' is specified without a 'data' directory Flavors: r-oldrel-macos-arm64, r-oldrel-macos-x86_64, r-oldrel-windows-x86_64

These binaries (installable software) and packages are in development.
They may not be fully stable and should be used with caution. We make no claims about them.