Last updated on 2024-07-27 15:50:26 CEST.
Flavor | Version | Tinstall | Tcheck | Ttotal | Status | Flags |
---|---|---|---|---|---|---|
r-devel-linux-x86_64-debian-clang | 0.1.0 | 7.65 | 54.78 | 62.43 | NOTE | |
r-devel-linux-x86_64-debian-gcc | 0.1.0 | NOTE | ||||
r-devel-linux-x86_64-fedora-clang | 0.1.0 | 75.77 | NOTE | |||
r-devel-linux-x86_64-fedora-gcc | 0.1.0 | 70.92 | NOTE | |||
r-devel-windows-x86_64 | 0.1.0 | 7.00 | 68.00 | 75.00 | NOTE | |
r-patched-linux-x86_64 | 0.1.0 | NOTE | ||||
r-release-linux-x86_64 | 0.1.0 | 3.97 | 52.28 | 56.25 | NOTE | |
r-release-macos-arm64 | 0.1.0 | 27.00 | NOTE | |||
r-release-macos-x86_64 | 0.1.0 | 38.00 | NOTE | |||
r-release-windows-x86_64 | 0.1.0 | 7.00 | 58.00 | 65.00 | NOTE | |
r-oldrel-macos-arm64 | 0.1.0 | 29.00 | NOTE | |||
r-oldrel-macos-x86_64 | 0.1.0 | 39.00 | NOTE | |||
r-oldrel-windows-x86_64 | 0.1.0 | 8.00 | 68.00 | 76.00 | NOTE |
Version: 0.1.0
Check: LazyData
Result: NOTE
'LazyData' is specified without a 'data' directory
Flavors: r-devel-linux-x86_64-debian-clang, r-devel-linux-x86_64-debian-gcc, r-devel-linux-x86_64-fedora-clang, r-devel-linux-x86_64-fedora-gcc, r-devel-windows-x86_64, r-patched-linux-x86_64, r-release-linux-x86_64, r-release-macos-arm64, r-release-macos-x86_64, r-release-windows-x86_64, r-oldrel-macos-arm64, r-oldrel-macos-x86_64, r-oldrel-windows-x86_64
These binaries (installable software) and packages are in development.
They may not be fully stable and should be used with caution. We make no claims about them.