CRAN Package Check Results for Package MolgenisAuth

Last updated on 2025-07-02 03:50:46 CEST.

Flavor Version Tinstall Tcheck Ttotal Status Flags
r-devel-linux-x86_64-debian-clang 0.0.25 2.37 25.63 28.00 NOTE
r-devel-linux-x86_64-debian-gcc 0.0.25 1.88 21.11 22.99 NOTE
r-devel-linux-x86_64-fedora-clang 0.0.25 43.83 OK
r-devel-linux-x86_64-fedora-gcc 0.0.25 55.15 OK
r-devel-windows-x86_64 0.0.25 3.00 44.00 47.00 NOTE
r-patched-linux-x86_64 NOTE
r-release-linux-x86_64 0.0.25 2.34 24.43 26.77 NOTE
r-release-macos-arm64 0.0.25 35.00 OK
r-release-macos-x86_64 0.0.25 58.00 OK
r-release-windows-x86_64 0.0.25 4.00 45.00 49.00 NOTE
r-oldrel-macos-arm64 0.0.25 28.00 OK
r-oldrel-macos-x86_64 0.0.25 34.00 OK
r-oldrel-windows-x86_64 0.0.25 6.00 52.00 58.00 OK

Check Details

Version: 0.0.25
Check: Rd cross-references
Result: NOTE Found the following Rd file(s) with Rd \link{} targets missing package anchors: device_flow_auth.Rd: oauth_endpoint discover.Rd: oauth_endpoint Please provide package anchors for all Rd \link{} targets not in the package itself and the base packages. Flavors: r-devel-linux-x86_64-debian-clang, r-devel-linux-x86_64-debian-gcc, r-devel-windows-x86_64, r-patched-linux-x86_64, r-release-linux-x86_64, r-release-windows-x86_64

These binaries (installable software) and packages are in development.
They may not be fully stable and should be used with caution. We make no claims about them.