Last updated on 2025-02-19 18:51:13 CET.
Flavor | Version | Tinstall | Tcheck | Ttotal | Status | Flags |
---|---|---|---|---|---|---|
r-devel-linux-x86_64-debian-clang | 0.0.25 | 2.36 | 24.88 | 27.24 | NOTE | |
r-devel-linux-x86_64-debian-gcc | 0.0.25 | 1.80 | 19.90 | 21.70 | NOTE | |
r-devel-linux-x86_64-fedora-clang | 0.0.25 | 42.73 | OK | |||
r-devel-linux-x86_64-fedora-gcc | 0.0.25 | 58.23 | OK | |||
r-devel-macos-arm64 | 0.0.25 | 25.00 | OK | |||
r-devel-macos-x86_64 | 0.0.25 | 54.00 | OK | |||
r-devel-windows-x86_64 | 0.0.25 | 4.00 | 50.00 | 54.00 | NOTE | |
r-patched-linux-x86_64 | 0.0.25 | 5.35 | 24.08 | 29.43 | OK | |
r-release-linux-x86_64 | 0.0.25 | 2.25 | 23.37 | 25.62 | OK | |
r-release-macos-arm64 | 0.0.25 | 28.00 | OK | |||
r-release-macos-x86_64 | 0.0.25 | 34.00 | OK | |||
r-release-windows-x86_64 | 0.0.25 | 3.00 | 44.00 | 47.00 | OK | |
r-oldrel-macos-arm64 | 0.0.25 | 31.00 | OK | |||
r-oldrel-macos-x86_64 | 0.0.25 | 34.00 | OK | |||
r-oldrel-windows-x86_64 | 0.0.25 | 4.00 | 71.00 | 75.00 | OK |
Version: 0.0.25
Check: Rd cross-references
Result: NOTE
Found the following Rd file(s) with Rd \link{} targets missing package
anchors:
device_flow_auth.Rd: oauth_endpoint
discover.Rd: oauth_endpoint
Please provide package anchors for all Rd \link{} targets not in the
package itself and the base packages.
Flavors: r-devel-linux-x86_64-debian-clang, r-devel-linux-x86_64-debian-gcc, r-devel-windows-x86_64
These binaries (installable software) and packages are in development.
They may not be fully stable and should be used with caution. We make no claims about them.