Last updated on 2025-05-21 21:49:23 CEST.
Flavor | Version | Tinstall | Tcheck | Ttotal | Status | Flags |
---|---|---|---|---|---|---|
r-devel-linux-x86_64-debian-clang | 6.1 | 51.86 | 69.50 | 121.36 | OK | |
r-devel-linux-x86_64-debian-gcc | 6.1 | 39.77 | 46.71 | 86.48 | OK | |
r-devel-linux-x86_64-fedora-clang | 6.1 | 209.64 | OK | |||
r-devel-linux-x86_64-fedora-gcc | 6.1 | 228.77 | OK | |||
r-devel-windows-x86_64 | 6.1 | 57.00 | 97.00 | 154.00 | OK | |
r-patched-linux-x86_64 | 6.1 | 56.53 | 63.84 | 120.37 | OK | |
r-release-linux-x86_64 | 6.1 | 59.25 | 67.25 | 126.50 | OK | |
r-release-macos-arm64 | 6.1 | 52.00 | OK | |||
r-release-macos-x86_64 | 6.1 | 151.00 | OK | |||
r-release-windows-x86_64 | 6.1 | 57.00 | 111.00 | 168.00 | OK | |
r-oldrel-macos-arm64 | 6.1 | 54.00 | NOTE | |||
r-oldrel-macos-x86_64 | 6.1 | 115.00 | NOTE | |||
r-oldrel-windows-x86_64 | 6.1 | 71.00 | 118.00 | 189.00 | OK |
Version: 6.1
Check: installed package size
Result: NOTE
installed size is 7.1Mb
sub-directories of 1Mb or more:
libs 6.6Mb
Flavors: r-oldrel-macos-arm64, r-oldrel-macos-x86_64
These binaries (installable software) and packages are in development.
They may not be fully stable and should be used with caution. We make no claims about them.