Last updated on 2025-10-03 13:49:40 CEST.
Flavor | Version | Tinstall | Tcheck | Ttotal | Status | Flags |
---|---|---|---|---|---|---|
r-devel-linux-x86_64-debian-clang | 6.1 | 58.17 | 71.52 | 129.69 | OK | |
r-devel-linux-x86_64-debian-gcc | 6.1 | 39.82 | 47.65 | 87.47 | OK | |
r-devel-linux-x86_64-fedora-clang | 6.1 | 205.91 | OK | |||
r-devel-linux-x86_64-fedora-gcc | 6.1 | 217.50 | OK | |||
r-devel-windows-x86_64 | 6.1 | 60.00 | 97.00 | 157.00 | OK | |
r-patched-linux-x86_64 | 6.1 | 56.17 | 66.23 | 122.40 | OK | |
r-release-linux-x86_64 | 6.1 | 54.84 | 65.83 | 120.67 | OK | |
r-release-macos-arm64 | 6.1 | 52.00 | OK | |||
r-release-macos-x86_64 | 6.1 | 151.00 | OK | |||
r-release-windows-x86_64 | 6.1 | 56.00 | 96.00 | 152.00 | OK | |
r-oldrel-macos-arm64 | 6.1 | 54.00 | NOTE | |||
r-oldrel-macos-x86_64 | 6.1 | 115.00 | NOTE | |||
r-oldrel-windows-x86_64 | 6.1 | 71.00 | 119.00 | 190.00 | OK |
Version: 6.1
Check: installed package size
Result: NOTE
installed size is 7.1Mb
sub-directories of 1Mb or more:
libs 6.6Mb
Flavors: r-oldrel-macos-arm64, r-oldrel-macos-x86_64
These binaries (installable software) and packages are in development.
They may not be fully stable and should be used with caution. We make no claims about them.