Last updated on 2025-05-01 12:49:34 CEST.
Flavor | Version | Tinstall | Tcheck | Ttotal | Status | Flags |
---|---|---|---|---|---|---|
r-devel-linux-x86_64-debian-clang | 1.4.1 | 26.57 | 234.29 | 260.86 | NOTE | |
r-devel-linux-x86_64-debian-gcc | 1.4.1 | 16.25 | 146.83 | 163.08 | NOTE | |
r-devel-linux-x86_64-fedora-clang | 1.4.1 | 387.33 | OK | |||
r-devel-linux-x86_64-fedora-gcc | 1.4.1 | 385.40 | OK | |||
r-devel-windows-x86_64 | 1.4.1 | 29.00 | 314.00 | 343.00 | NOTE | |
r-patched-linux-x86_64 | 1.4.1 | 29.55 | 217.47 | 247.02 | NOTE | |
r-release-linux-x86_64 | NOTE | |||||
r-release-macos-arm64 | 1.4.1 | 94.00 | OK | |||
r-release-macos-x86_64 | 1.4.1 | 189.00 | OK | |||
r-release-windows-x86_64 | 1.4.1 | 30.00 | 315.00 | 345.00 | NOTE | |
r-oldrel-macos-arm64 | 1.4.1 | 105.00 | OK | |||
r-oldrel-macos-x86_64 | 1.4.1 | 181.00 | OK | |||
r-oldrel-windows-x86_64 | 1.4.1 | 36.00 | 396.00 | 432.00 | OK |
Version: 1.4.1
Check: Rd cross-references
Result: NOTE
Found the following Rd file(s) with Rd \link{} targets missing package
anchors:
LDA.Rd: lda
img_plot.Rd: readJPEG
ldk_contour.Rd: kde2d
links_delaunay.Rd: delaunayn
plot.LDA.Rd: kde2d
plot.PCA.Rd: kde2d
reLDA.Rd: predict.lda
Please provide package anchors for all Rd \link{} targets not in the
package itself and the base packages.
Flavors: r-devel-linux-x86_64-debian-clang, r-devel-linux-x86_64-debian-gcc, r-devel-windows-x86_64, r-patched-linux-x86_64, r-release-linux-x86_64, r-release-windows-x86_64
Version: 1.4.1
Check: examples
Result: NOTE
Examples with CPU (user + system) or elapsed time > 5s
user system elapsed
calibrate_deviations 6.059 0.000 7.751
calibrate_reconstructions 4.767 0.035 6.023
calibrate_harmonicpower 3.637 0.002 5.065
Flavor: r-devel-linux-x86_64-debian-clang
These binaries (installable software) and packages are in development.
They may not be fully stable and should be used with caution. We make no claims about them.