CRAN Package Check Results for Package Momocs

Last updated on 2025-07-09 11:50:32 CEST.

Flavor Version Tinstall Tcheck Ttotal Status Flags
r-devel-linux-x86_64-debian-clang 1.4.1 24.81 232.51 257.32 NOTE
r-devel-linux-x86_64-debian-gcc 1.4.1 14.41 149.12 163.53 NOTE
r-devel-linux-x86_64-fedora-clang 1.4.1 397.64 OK
r-devel-linux-x86_64-fedora-gcc 1.4.1 379.31 OK
r-devel-windows-x86_64 1.4.1 24.00 307.00 331.00 NOTE
r-patched-linux-x86_64 1.4.1 32.96 217.92 250.88 NOTE
r-release-linux-x86_64 1.4.1 22.24 217.80 240.04 NOTE
r-release-macos-arm64 1.4.1 94.00 OK
r-release-macos-x86_64 1.4.1 189.00 OK
r-release-windows-x86_64 1.4.1 25.00 315.00 340.00 NOTE
r-oldrel-macos-arm64 1.4.1 105.00 OK
r-oldrel-macos-x86_64 1.4.1 181.00 OK
r-oldrel-windows-x86_64 1.4.1 35.00 384.00 419.00 OK

Check Details

Version: 1.4.1
Check: Rd cross-references
Result: NOTE Found the following Rd file(s) with Rd \link{} targets missing package anchors: LDA.Rd: lda img_plot.Rd: readJPEG ldk_contour.Rd: kde2d links_delaunay.Rd: delaunayn plot.LDA.Rd: kde2d plot.PCA.Rd: kde2d reLDA.Rd: predict.lda Please provide package anchors for all Rd \link{} targets not in the package itself and the base packages. Flavors: r-devel-linux-x86_64-debian-clang, r-devel-linux-x86_64-debian-gcc, r-devel-windows-x86_64, r-patched-linux-x86_64, r-release-linux-x86_64, r-release-windows-x86_64

These binaries (installable software) and packages are in development.
They may not be fully stable and should be used with caution. We make no claims about them.