Last updated on 2025-05-01 14:49:15 CEST.
Flavor | Version | Tinstall | Tcheck | Ttotal | Status | Flags |
---|---|---|---|---|---|---|
r-devel-linux-x86_64-debian-clang | 0.3-10 | 6.78 | 39.46 | 46.24 | NOTE | |
r-devel-linux-x86_64-debian-gcc | 0.3-10 | 4.61 | 27.96 | 32.57 | NOTE | |
r-devel-linux-x86_64-fedora-clang | 0.3-10 | 71.70 | OK | |||
r-devel-linux-x86_64-fedora-gcc | 0.3-10 | 70.45 | OK | |||
r-devel-windows-x86_64 | 0.3-10 | 10.00 | 63.00 | 73.00 | OK | |
r-patched-linux-x86_64 | 0.3-10 | 5.72 | 36.74 | 42.46 | OK | |
r-release-linux-x86_64 | OK | |||||
r-release-macos-arm64 | 0.3-10 | 26.00 | OK | |||
r-release-macos-x86_64 | 0.3-10 | 44.00 | OK | |||
r-release-windows-x86_64 | 0.3-10 | 9.00 | 65.00 | 74.00 | OK | |
r-oldrel-macos-arm64 | 0.3-10 | 25.00 | OK | |||
r-oldrel-macos-x86_64 | 0.3-10 | 36.00 | OK | |||
r-oldrel-windows-x86_64 | 0.3-10 | 9.00 | 64.00 | 73.00 | OK |
Version: 0.3-10
Check: CRAN incoming feasibility
Result: NOTE
Maintainer: ‘Berwin A. Turlach <Berwin.Turlach@gmail.com>’
Package CITATION file contains call(s) to old-style personList() or
as.personList(). Please use c() on person objects instead.
Package CITATION file contains call(s) to old-style citEntry(). Please
use bibentry() instead.
Flavors: r-devel-linux-x86_64-debian-clang, r-devel-linux-x86_64-debian-gcc
These binaries (installable software) and packages are in development.
They may not be fully stable and should be used with caution. We make no claims about them.