Last updated on 2025-02-23 01:51:47 CET.
Flavor | Version | Tinstall | Tcheck | Ttotal | Status | Flags |
---|---|---|---|---|---|---|
r-devel-linux-x86_64-debian-clang | 1.0.0 | 7.69 | 112.08 | 119.77 | NOTE | |
r-devel-linux-x86_64-debian-gcc | 1.0.0 | 4.36 | 71.32 | 75.68 | NOTE | |
r-devel-linux-x86_64-fedora-clang | 1.0.0 | 192.27 | OK | |||
r-devel-linux-x86_64-fedora-gcc | 1.0.0 | 200.68 | OK | |||
r-devel-macos-arm64 | 1.0.0 | 59.00 | OK | |||
r-devel-macos-x86_64 | 1.0.0 | 125.00 | OK | |||
r-devel-windows-x86_64 | 1.0.0 | 9.00 | 123.00 | 132.00 | NOTE | |
r-patched-linux-x86_64 | 1.0.0 | 11.10 | 101.85 | 112.95 | OK | |
r-release-linux-x86_64 | 1.0.0 | 6.07 | 104.54 | 110.61 | OK | |
r-release-macos-arm64 | 1.0.0 | 56.00 | OK | |||
r-release-macos-x86_64 | 1.0.0 | 87.00 | OK | |||
r-release-windows-x86_64 | 1.0.0 | 10.00 | 122.00 | 132.00 | OK | |
r-oldrel-macos-arm64 | 1.0.0 | 66.00 | OK | |||
r-oldrel-macos-x86_64 | 1.0.0 | 85.00 | OK | |||
r-oldrel-windows-x86_64 | 1.0.0 | 12.00 | 153.00 | 165.00 | OK |
Version: 1.0.0
Check: Rd cross-references
Result: NOTE
Found the following Rd file(s) with Rd \link{} targets missing package
anchors:
DoubleGap.Rd: auto.arima
bp_gap.model.Rd: auto.arima
Please provide package anchors for all Rd \link{} targets not in the
package itself and the base packages.
Flavors: r-devel-linux-x86_64-debian-clang, r-devel-linux-x86_64-debian-gcc, r-devel-windows-x86_64
These binaries (installable software) and packages are in development.
They may not be fully stable and should be used with caution. We make no claims about them.