Last updated on 2025-02-16 10:50:53 CET.
Flavor | Version | Tinstall | Tcheck | Ttotal | Status | Flags |
---|---|---|---|---|---|---|
r-devel-linux-x86_64-debian-clang | 1.1.1 | 42.54 | 122.14 | 164.68 | NOTE | |
r-devel-linux-x86_64-debian-gcc | 1.1.1 | 24.71 | 83.97 | 108.68 | NOTE | |
r-devel-linux-x86_64-fedora-clang | 1.1.1 | 289.50 | OK | |||
r-devel-linux-x86_64-fedora-gcc | 1.1.1 | 263.21 | OK | |||
r-devel-macos-arm64 | 1.1.1 | 77.00 | OK | |||
r-devel-macos-x86_64 | 1.1.1 | 180.00 | OK | |||
r-devel-windows-x86_64 | 1.1.1 | 40.00 | 151.00 | 191.00 | NOTE | |
r-patched-linux-x86_64 | 1.1.1 | 44.31 | 113.70 | 158.01 | OK | |
r-release-linux-x86_64 | 1.1.1 | 36.16 | 113.33 | 149.49 | OK | |
r-release-macos-arm64 | 1.1.1 | 77.00 | OK | |||
r-release-macos-x86_64 | 1.1.1 | 118.00 | OK | |||
r-release-windows-x86_64 | 1.1.1 | 39.00 | 154.00 | 193.00 | OK | |
r-oldrel-macos-arm64 | 1.1.1 | 78.00 | NOTE | |||
r-oldrel-macos-x86_64 | 1.1.1 | 170.00 | NOTE | |||
r-oldrel-windows-x86_64 | 1.1.1 | 51.00 | 182.00 | 233.00 | OK |
Version: 1.1.1
Check: Rd cross-references
Result: NOTE
Found the following Rd file(s) with Rd \link{} targets missing package
anchors:
mplus.traceplot.Rd: plot.mcmc
Please provide package anchors for all Rd \link{} targets not in the
package itself and the base packages.
Flavors: r-devel-linux-x86_64-debian-clang, r-devel-linux-x86_64-debian-gcc, r-devel-windows-x86_64
Version: 1.1.1
Check: package dependencies
Result: NOTE
Package suggested but not available for checking: ‘rhdf5’
Flavors: r-oldrel-macos-arm64, r-oldrel-macos-x86_64
These binaries (installable software) and packages are in development.
They may not be fully stable and should be used with caution. We make no claims about them.