Last updated on 2025-02-19 18:51:13 CET.
Flavor | Version | Tinstall | Tcheck | Ttotal | Status | Flags |
---|---|---|---|---|---|---|
r-devel-linux-x86_64-debian-clang | 0.6.3 | 11.56 | 29.01 | 40.57 | NOTE | |
r-devel-linux-x86_64-debian-gcc | 0.6.3 | 8.07 | 23.30 | 31.37 | NOTE | |
r-devel-linux-x86_64-fedora-clang | 0.6.3 | 67.91 | NOTE | |||
r-devel-linux-x86_64-fedora-gcc | 0.6.3 | 66.92 | NOTE | |||
r-devel-macos-arm64 | 0.6.3 | 27.00 | OK | |||
r-devel-macos-x86_64 | 0.6.3 | 40.00 | OK | |||
r-devel-windows-x86_64 | 0.6.3 | 16.00 | 66.00 | 82.00 | NOTE | |
r-patched-linux-x86_64 | 0.6.3 | 16.20 | 27.70 | 43.90 | OK | |
r-release-linux-x86_64 | 0.6.3 | 11.62 | 27.60 | 39.22 | OK | |
r-release-macos-arm64 | 0.6.3 | 27.00 | OK | |||
r-release-macos-x86_64 | 0.6.3 | 36.00 | OK | |||
r-release-windows-x86_64 | 0.6.3 | 14.00 | 63.00 | 77.00 | OK | |
r-oldrel-macos-arm64 | 0.6.3 | 31.00 | OK | |||
r-oldrel-macos-x86_64 | 0.6.3 | 37.00 | OK | |||
r-oldrel-windows-x86_64 | 0.6.3 | 19.00 | 72.00 | 91.00 | OK |
Version: 0.6.3
Check: Rd cross-references
Result: NOTE
Found the following Rd file(s) with Rd \link{} targets missing package
anchors:
Compute_Cn1n2.Rd: Rcpp
plot-MuChPoint.Rd: capushe
Please provide package anchors for all Rd \link{} targets not in the
package itself and the base packages.
Flavors: r-devel-linux-x86_64-debian-clang, r-devel-linux-x86_64-debian-gcc, r-devel-windows-x86_64
Version: 0.6.3
Check: dependencies in R code
Result: NOTE
Namespaces in Imports field not imported from:
‘Matrix’ ‘capushe’ ‘shiny’
All declared Imports should be used.
Flavors: r-devel-linux-x86_64-fedora-clang, r-devel-linux-x86_64-fedora-gcc
These binaries (installable software) and packages are in development.
They may not be fully stable and should be used with caution. We make no claims about them.