Last updated on 2024-07-27 15:50:26 CEST.
Flavor | Version | Tinstall | Tcheck | Ttotal | Status | Flags |
---|---|---|---|---|---|---|
r-devel-linux-x86_64-debian-clang | 0.6.3 | 15.24 | 35.79 | 51.03 | OK | |
r-devel-linux-x86_64-debian-gcc | 0.6.3 | NOTE | ||||
r-devel-linux-x86_64-fedora-clang | 0.6.3 | 79.36 | NOTE | |||
r-devel-linux-x86_64-fedora-gcc | 0.6.3 | 67.15 | NOTE | |||
r-devel-windows-x86_64 | 0.6.3 | 16.00 | 63.00 | 79.00 | NOTE | |
r-patched-linux-x86_64 | 0.6.3 | OK | ||||
r-release-linux-x86_64 | 0.6.3 | 13.05 | 34.19 | 47.24 | OK | |
r-release-macos-arm64 | 0.6.3 | 27.00 | OK | |||
r-release-macos-x86_64 | 0.6.3 | 36.00 | OK | |||
r-release-windows-x86_64 | 0.6.3 | 19.00 | 65.00 | 84.00 | OK | |
r-oldrel-macos-arm64 | 0.6.3 | 31.00 | OK | |||
r-oldrel-macos-x86_64 | 0.6.3 | 37.00 | OK | |||
r-oldrel-windows-x86_64 | 0.6.3 | 18.00 | 74.00 | 92.00 | OK |
Version: 0.6.3
Check: Rd cross-references
Result: NOTE
Found the following Rd file(s) with Rd \link{} targets missing package
anchors:
Compute_Cn1n2.Rd: Rcpp
plot-MuChPoint.Rd: capushe
Please provide package anchors for all Rd \link{} targets not in the
package itself and the base packages.
Flavors: r-devel-linux-x86_64-debian-gcc, r-devel-windows-x86_64
Version: 0.6.3
Check: dependencies in R code
Result: NOTE
Namespaces in Imports field not imported from:
‘Matrix’ ‘capushe’ ‘shiny’
All declared Imports should be used.
Flavors: r-devel-linux-x86_64-fedora-clang, r-devel-linux-x86_64-fedora-gcc
These binaries (installable software) and packages are in development.
They may not be fully stable and should be used with caution. We make no claims about them.