Last updated on 2025-02-16 10:50:53 CET.
Flavor | Version | Tinstall | Tcheck | Ttotal | Status | Flags |
---|---|---|---|---|---|---|
r-devel-linux-x86_64-debian-clang | 1.48.4 | 16.85 | 148.19 | 165.04 | NOTE | |
r-devel-linux-x86_64-debian-gcc | 1.48.4 | 11.89 | 102.74 | 114.63 | NOTE | |
r-devel-linux-x86_64-fedora-clang | 1.48.4 | 282.84 | OK | |||
r-devel-linux-x86_64-fedora-gcc | 1.48.4 | 270.56 | OK | |||
r-devel-macos-arm64 | 1.48.4 | 69.00 | OK | |||
r-devel-macos-x86_64 | 1.48.4 | 181.00 | OK | |||
r-devel-windows-x86_64 | 1.48.4 | 17.00 | 154.00 | 171.00 | OK | |
r-patched-linux-x86_64 | 1.48.4 | 16.06 | 137.55 | 153.61 | OK | |
r-release-linux-x86_64 | 1.48.4 | 16.07 | 138.06 | 154.13 | OK | |
r-release-macos-arm64 | 1.48.4 | 88.00 | OK | |||
r-release-macos-x86_64 | 1.48.4 | 221.00 | OK | |||
r-release-windows-x86_64 | 1.48.4 | 16.00 | 158.00 | 174.00 | OK | |
r-oldrel-macos-arm64 | 1.48.4 | 92.00 | OK | |||
r-oldrel-macos-x86_64 | 1.48.4 | 164.00 | OK | |||
r-oldrel-windows-x86_64 | 1.48.4 | 22.00 | 195.00 | 217.00 | OK |
Version: 1.48.4
Check: for unstated dependencies in ‘demo’
Result: NOTE
'library' or 'require' call not declared from: ‘snow’
Flavors: r-devel-linux-x86_64-debian-clang, r-devel-linux-x86_64-debian-gcc
These binaries (installable software) and packages are in development.
They may not be fully stable and should be used with caution. We make no claims about them.