Last updated on 2024-07-27 15:50:27 CEST.
Flavor | Version | Tinstall | Tcheck | Ttotal | Status | Flags |
---|---|---|---|---|---|---|
r-devel-linux-x86_64-debian-clang | 1.48.4 | 17.01 | 191.39 | 208.40 | OK | |
r-devel-linux-x86_64-debian-gcc | 1.48.4 | OK | ||||
r-devel-linux-x86_64-fedora-clang | 1.48.4 | 258.12 | NOTE | |||
r-devel-linux-x86_64-fedora-gcc | 1.48.4 | 244.41 | OK | |||
r-devel-windows-x86_64 | 1.48.4 | 17.00 | 156.00 | 173.00 | OK | |
r-patched-linux-x86_64 | 1.48.4 | OK | ||||
r-release-linux-x86_64 | 1.48.4 | 16.58 | 180.75 | 197.33 | OK | |
r-release-macos-arm64 | 1.48.4 | 88.00 | OK | |||
r-release-macos-x86_64 | 1.48.4 | 221.00 | OK | |||
r-release-windows-x86_64 | 1.48.4 | 17.00 | 155.00 | 172.00 | OK | |
r-oldrel-macos-arm64 | 1.48.4 | 92.00 | OK | |||
r-oldrel-macos-x86_64 | 1.48.4 | 164.00 | OK | |||
r-oldrel-windows-x86_64 | 1.48.4 | 23.00 | 203.00 | 226.00 | OK |
Version: 1.48.4
Check: Rd cross-references
Result: NOTE
Undeclared package ‘ape’ in Rd xrefs
Flavor: r-devel-linux-x86_64-fedora-clang
These binaries (installable software) and packages are in development.
They may not be fully stable and should be used with caution. We make no claims about them.