CRAN Package Check Results for Package MuViCP

Last updated on 2025-07-02 01:51:44 CEST.

Flavor Version Tinstall Tcheck Ttotal Status Flags
r-devel-linux-x86_64-debian-clang 1.3.2 2.14 25.90 28.04 NOTE
r-devel-linux-x86_64-debian-gcc 1.3.2 1.69 21.67 23.36 NOTE
r-devel-linux-x86_64-fedora-clang 1.3.2 45.51 OK
r-devel-linux-x86_64-fedora-gcc 1.3.2 41.99 OK
r-devel-windows-x86_64 1.3.2 3.00 46.00 49.00 OK
r-patched-linux-x86_64 OK
r-release-linux-x86_64 1.3.2 1.96 24.31 26.27 OK
r-release-macos-arm64 1.3.2 21.00 OK
r-release-macos-x86_64 1.3.2 32.00 OK
r-release-windows-x86_64 1.3.2 3.00 47.00 50.00 OK
r-oldrel-macos-arm64 1.3.2 17.00 OK
r-oldrel-macos-x86_64 1.3.2 24.00 OK
r-oldrel-windows-x86_64 1.3.2 3.00 52.00 55.00 OK

Check Details

Version: 1.3.2
Check: CRAN incoming feasibility
Result: NOTE Maintainer: ‘Mohit Dayal <mohitdayal2000@gmail.com>’ No Authors@R field in DESCRIPTION. Please add one, modifying Authors@R: person(given = "Mohit", family = "Dayal", role = c("aut", "cre"), email = "mohitdayal2000@gmail.com") as necessary. Flavors: r-devel-linux-x86_64-debian-clang, r-devel-linux-x86_64-debian-gcc

These binaries (installable software) and packages are in development.
They may not be fully stable and should be used with caution. We make no claims about them.