Last updated on 2025-02-02 14:48:29 CET.
Flavor | Version | Tinstall | Tcheck | Ttotal | Status | Flags |
---|---|---|---|---|---|---|
r-devel-linux-x86_64-debian-clang | 23.11.0 | 38.19 | 233.80 | 271.99 | NOTE | |
r-devel-linux-x86_64-debian-gcc | 23.11.0 | 26.73 | 148.85 | 175.58 | NOTE | |
r-devel-linux-x86_64-fedora-clang | 23.11.0 | 485.51 | OK | |||
r-devel-linux-x86_64-fedora-gcc | 23.11.0 | 450.97 | OK | |||
r-devel-windows-x86_64 | 23.11.0 | 42.00 | 271.00 | 313.00 | NOTE | |
r-patched-linux-x86_64 | 23.11.0 | 50.41 | 217.22 | 267.63 | OK | |
r-release-linux-x86_64 | 23.11.0 | 39.58 | 218.08 | 257.66 | OK | |
r-release-macos-arm64 | 23.11.0 | 96.00 | OK | |||
r-release-macos-x86_64 | 23.11.0 | 145.00 | OK | |||
r-release-windows-x86_64 | 23.11.0 | 38.00 | 272.00 | 310.00 | OK | |
r-oldrel-macos-arm64 | 23.11.0 | 71.00 | OK | |||
r-oldrel-macos-x86_64 | 23.11.0 | 147.00 | OK | |||
r-oldrel-windows-x86_64 | 23.11.0 | 46.00 | 358.00 | 404.00 | OK |
Version: 23.11.0
Check: Rd cross-references
Result: NOTE
Found the following Rd file(s) with Rd \link{} targets missing package
anchors:
PolyOrdinalLogBiplot.Rd: fa, principal
Please provide package anchors for all Rd \link{} targets not in the
package itself and the base packages.
Flavors: r-devel-linux-x86_64-debian-clang, r-devel-linux-x86_64-debian-gcc, r-devel-windows-x86_64
These binaries (installable software) and packages are in development.
They may not be fully stable and should be used with caution. We make no claims about them.