Last updated on 2024-07-27 15:50:26 CEST.
Flavor | Version | Tinstall | Tcheck | Ttotal | Status | Flags |
---|---|---|---|---|---|---|
r-devel-linux-x86_64-debian-clang | 23.11.0 | 52.51 | 310.67 | 363.18 | OK | |
r-devel-linux-x86_64-debian-gcc | 23.11.0 | NOTE | ||||
r-devel-linux-x86_64-fedora-clang | 23.11.0 | 465.62 | OK | |||
r-devel-linux-x86_64-fedora-gcc | 23.11.0 | 408.35 | OK | |||
r-devel-windows-x86_64 | 23.11.0 | 39.00 | 270.00 | 309.00 | NOTE | |
r-patched-linux-x86_64 | 23.11.0 | OK | ||||
r-release-linux-x86_64 | 23.11.0 | 34.25 | 293.72 | 327.97 | OK | |
r-release-macos-arm64 | 23.11.0 | 96.00 | OK | |||
r-release-macos-x86_64 | 23.11.0 | 145.00 | OK | |||
r-release-windows-x86_64 | 23.11.0 | 39.00 | 264.00 | 303.00 | OK | |
r-oldrel-macos-arm64 | 23.11.0 | 71.00 | OK | |||
r-oldrel-macos-x86_64 | 23.11.0 | 147.00 | OK | |||
r-oldrel-windows-x86_64 | 23.11.0 | 48.00 | 350.00 | 398.00 | OK |
Version: 23.11.0
Check: Rd cross-references
Result: NOTE
Found the following Rd file(s) with Rd \link{} targets missing package
anchors:
PolyOrdinalLogBiplot.Rd: fa, principal
Please provide package anchors for all Rd \link{} targets not in the
package itself and the base packages.
Flavors: r-devel-linux-x86_64-debian-gcc, r-devel-windows-x86_64
These binaries (installable software) and packages are in development.
They may not be fully stable and should be used with caution. We make no claims about them.