CRAN Package Check Results for Package MultEq

Last updated on 2025-05-08 04:52:11 CEST.

Flavor Version Tinstall Tcheck Ttotal Status Flags
r-devel-linux-x86_64-debian-clang 2.4 2.34 20.95 23.29 NOTE
r-devel-linux-x86_64-debian-gcc 2.4 1.97 16.51 18.48 NOTE
r-devel-linux-x86_64-fedora-clang 2.4 35.88 NOTE
r-devel-linux-x86_64-fedora-gcc 2.4 34.60 NOTE
r-devel-windows-x86_64 2.4 3.00 42.00 45.00 NOTE
r-patched-linux-x86_64 2.4 2.41 19.90 22.31 NOTE
r-release-linux-x86_64 2.4 2.37 19.98 22.35 NOTE
r-release-macos-arm64 2.4 18.00 NOTE
r-release-macos-x86_64 2.4 44.00 NOTE
r-release-windows-x86_64 2.4 4.00 41.00 45.00 NOTE
r-oldrel-macos-arm64 2.4 14.00 NOTE
r-oldrel-macos-x86_64 2.4 43.00 NOTE
r-oldrel-windows-x86_64 2.4 3.00 45.00 48.00 NOTE

Check Details

Version: 2.4
Check: CRAN incoming feasibility
Result: NOTE Maintainer: ‘Mario Hasler <hasler@email.uni-kiel.de>’ No Authors@R field in DESCRIPTION. Please add one, modifying Authors@R: person(given = "Mario", family = "Hasler", role = c("aut", "cre"), email = "hasler@email.uni-kiel.de") as necessary. Flavors: r-devel-linux-x86_64-debian-clang, r-devel-linux-x86_64-debian-gcc

Version: 2.4
Check: Rd files
Result: NOTE checkRd: (-1) MultEq-package.Rd:26-27: Lost braces in \itemize; meant \describe ? checkRd: (-1) MultEq-package.Rd:28-29: Lost braces in \itemize; meant \describe ? checkRd: (-1) MultEq-package.Rd:30: Lost braces in \itemize; meant \describe ? Flavors: r-devel-linux-x86_64-debian-clang, r-devel-linux-x86_64-debian-gcc, r-devel-linux-x86_64-fedora-clang, r-devel-linux-x86_64-fedora-gcc, r-devel-windows-x86_64, r-patched-linux-x86_64, r-release-linux-x86_64, r-release-macos-arm64, r-release-macos-x86_64, r-release-windows-x86_64, r-oldrel-macos-arm64, r-oldrel-macos-x86_64, r-oldrel-windows-x86_64

These binaries (installable software) and packages are in development.
They may not be fully stable and should be used with caution. We make no claims about them.