Last updated on 2025-07-02 01:51:44 CEST.
Flavor | Version | Tinstall | Tcheck | Ttotal | Status | Flags |
---|---|---|---|---|---|---|
r-devel-linux-x86_64-debian-clang | 0.6.2 | 5.33 | 71.45 | 76.78 | OK | |
r-devel-linux-x86_64-debian-gcc | 0.6.2 | 3.20 | 50.17 | 53.37 | OK | |
r-devel-linux-x86_64-fedora-clang | 0.6.2 | 121.46 | NOTE | |||
r-devel-linux-x86_64-fedora-gcc | 0.6.2 | 123.26 | NOTE | |||
r-devel-windows-x86_64 | 0.6.2 | 7.00 | 88.00 | 95.00 | OK | |
r-patched-linux-x86_64 | OK | |||||
r-release-linux-x86_64 | 0.6.2 | 4.94 | 67.01 | 71.95 | OK | |
r-release-macos-arm64 | 0.6.2 | 86.00 | OK | |||
r-release-macos-x86_64 | 0.6.2 | 85.00 | OK | |||
r-release-windows-x86_64 | 0.6.2 | 7.00 | 91.00 | 98.00 | OK | |
r-oldrel-macos-arm64 | 0.6.2 | 40.00 | OK | |||
r-oldrel-macos-x86_64 | 0.6.2 | 63.00 | OK | |||
r-oldrel-windows-x86_64 | 0.6.2 | 9.00 | 110.00 | 119.00 | OK |
Version: 0.6.2
Check: dependencies in R code
Result: NOTE
Namespaces in Imports field not imported from:
‘poweRlaw’ ‘rmutil’
All declared Imports should be used.
Flavors: r-devel-linux-x86_64-fedora-clang, r-devel-linux-x86_64-fedora-gcc
These binaries (installable software) and packages are in development.
They may not be fully stable and should be used with caution. We make no claims about them.