Last updated on 2025-02-16 10:50:53 CET.
Flavor | Version | Tinstall | Tcheck | Ttotal | Status | Flags |
---|---|---|---|---|---|---|
r-devel-linux-x86_64-debian-clang | 0.6.2 | 5.43 | 69.59 | 75.02 | OK | |
r-devel-linux-x86_64-debian-gcc | 0.6.2 | 3.14 | 48.80 | 51.94 | OK | |
r-devel-linux-x86_64-fedora-clang | 0.6.2 | 113.86 | NOTE | |||
r-devel-linux-x86_64-fedora-gcc | 0.6.2 | 126.79 | NOTE | |||
r-devel-macos-arm64 | 0.6.2 | 45.00 | OK | |||
r-devel-macos-x86_64 | 0.6.2 | 79.00 | OK | |||
r-devel-windows-x86_64 | 0.6.2 | 7.00 | 96.00 | 103.00 | OK | |
r-patched-linux-x86_64 | 0.6.2 | 4.70 | 64.15 | 68.85 | OK | |
r-release-linux-x86_64 | 0.6.2 | 5.33 | 64.69 | 70.02 | OK | |
r-release-macos-arm64 | 0.6.2 | 40.00 | OK | |||
r-release-macos-x86_64 | 0.6.2 | 63.00 | OK | |||
r-release-windows-x86_64 | 0.6.2 | 7.00 | 91.00 | 98.00 | OK | |
r-oldrel-macos-arm64 | 0.6.2 | 41.00 | OK | |||
r-oldrel-macos-x86_64 | 0.6.2 | 58.00 | OK | |||
r-oldrel-windows-x86_64 | 0.6.2 | 9.00 | 103.00 | 112.00 | OK |
Version: 0.6.2
Check: dependencies in R code
Result: NOTE
Namespaces in Imports field not imported from:
‘poweRlaw’ ‘rmutil’
All declared Imports should be used.
Flavors: r-devel-linux-x86_64-fedora-clang, r-devel-linux-x86_64-fedora-gcc
These binaries (installable software) and packages are in development.
They may not be fully stable and should be used with caution. We make no claims about them.