Last updated on 2025-05-01 10:50:16 CEST.
Flavor | Version | Tinstall | Tcheck | Ttotal | Status | Flags |
---|---|---|---|---|---|---|
r-devel-linux-x86_64-debian-clang | 0.2 | 21.65 | 36.71 | 58.36 | NOTE | |
r-devel-linux-x86_64-debian-gcc | 0.2 | 13.30 | 26.85 | 40.15 | OK | |
r-devel-linux-x86_64-fedora-clang | 0.2 | 100.31 | OK | |||
r-devel-linux-x86_64-fedora-gcc | 0.2 | 94.64 | OK | |||
r-devel-windows-x86_64 | 0.2 | 25.00 | 78.00 | 103.00 | OK | |
r-patched-linux-x86_64 | 0.2 | 19.74 | 34.88 | 54.62 | OK | |
r-release-linux-x86_64 | OK | |||||
r-release-macos-arm64 | 0.2 | 36.00 | OK | |||
r-release-macos-x86_64 | 0.2 | 62.00 | OK | |||
r-release-windows-x86_64 | 0.2 | 25.00 | 92.00 | 117.00 | OK | |
r-oldrel-macos-arm64 | 0.2 | 33.00 | OK | |||
r-oldrel-macos-x86_64 | 0.2 | 55.00 | OK | |||
r-oldrel-windows-x86_64 | 0.2 | 28.00 | 94.00 | 122.00 | OK |
Version: 0.2
Check: examples
Result: NOTE
Examples with CPU (user + system) or elapsed time > 5s
user system elapsed
perm_mvlogrank 7.156 0.001 9.158
perm_gehan 4.693 0.000 6.260
Flavor: r-devel-linux-x86_64-debian-clang
Version: 0.2
Check: examples
Result: NA
user system elapsed
perm_mvlogrank 4.102 0.009 5.955
OK
Flavor: r-devel-linux-x86_64-debian-gcc
These binaries (installable software) and packages are in development.
They may not be fully stable and should be used with caution. We make no claims about them.