CRAN Package Check Results for Package MultiFit

Last updated on 2025-07-17 11:50:39 CEST.

Flavor Version Tinstall Tcheck Ttotal Status Flags
r-devel-linux-x86_64-debian-clang 1.1.1 31.81 50.39 82.20 NOTE
r-devel-linux-x86_64-debian-gcc 1.1.1 21.26 37.55 58.81 NOTE
r-devel-linux-x86_64-fedora-clang 1.1.1 142.62 OK
r-devel-linux-x86_64-fedora-gcc 1.1.1 141.82 OK
r-devel-windows-x86_64 1.1.1 35.00 86.00 121.00 OK
r-patched-linux-x86_64 1.1.1 29.85 47.89 77.74 OK
r-release-linux-x86_64 1.1.1 27.76 47.21 74.97 OK
r-release-macos-arm64 1.1.1 48.00 OK
r-release-macos-x86_64 1.1.1 73.00 OK
r-release-windows-x86_64 1.1.1 35.00 83.00 118.00 OK
r-oldrel-macos-arm64 1.1.1 41.00 OK
r-oldrel-macos-x86_64 1.1.1 88.00 OK
r-oldrel-windows-x86_64 1.1.1 44.00 103.00 147.00 OK

Check Details

Version: 1.1.1
Check: CRAN incoming feasibility
Result: NOTE Maintainer: ‘S. Gorsky <sgorsky@umass.edu>’ No Authors@R field in DESCRIPTION. Please add one, modifying Authors@R: c(person(given = "S.", family = "Gorsky", role = c("aut", "cre"), email = "sgorsky@umass.edu"), person(given = "L.", family = "Ma", role = "aut")) as necessary. Flavors: r-devel-linux-x86_64-debian-clang, r-devel-linux-x86_64-debian-gcc

These binaries (installable software) and packages are in development.
They may not be fully stable and should be used with caution. We make no claims about them.