Last updated on 2025-05-01 10:50:16 CEST.
Flavor | Version | Tinstall | Tcheck | Ttotal | Status | Flags |
---|---|---|---|---|---|---|
r-devel-linux-x86_64-debian-clang | 1.1.1 | 31.69 | 49.12 | 80.81 | NOTE | |
r-devel-linux-x86_64-debian-gcc | 1.1.1 | 21.56 | 37.15 | 58.71 | NOTE | |
r-devel-linux-x86_64-fedora-clang | 1.1.1 | 146.72 | OK | |||
r-devel-linux-x86_64-fedora-gcc | 1.1.1 | 148.57 | OK | |||
r-devel-windows-x86_64 | 1.1.1 | 36.00 | 83.00 | 119.00 | OK | |
r-patched-linux-x86_64 | 1.1.1 | 27.07 | 47.53 | 74.60 | OK | |
r-release-linux-x86_64 | OK | |||||
r-release-macos-arm64 | 1.1.1 | 48.00 | OK | |||
r-release-macos-x86_64 | 1.1.1 | 73.00 | OK | |||
r-release-windows-x86_64 | 1.1.1 | 36.00 | 86.00 | 122.00 | OK | |
r-oldrel-macos-arm64 | 1.1.1 | 41.00 | OK | |||
r-oldrel-macos-x86_64 | 1.1.1 | 88.00 | OK | |||
r-oldrel-windows-x86_64 | 1.1.1 | 41.00 | 101.00 | 142.00 | OK |
Version: 1.1.1
Check: CRAN incoming feasibility
Result: NOTE
Maintainer: ‘S. Gorsky <sgorsky@umass.edu>’
No Authors@R field in DESCRIPTION.
Please add one, modifying
Authors@R: c(person(given = "S.",
family = "Gorsky",
role = c("aut", "cre"),
email = "sgorsky@umass.edu"),
person(given = "L.",
family = "Ma",
role = "aut"))
as necessary.
Flavors: r-devel-linux-x86_64-debian-clang, r-devel-linux-x86_64-debian-gcc
These binaries (installable software) and packages are in development.
They may not be fully stable and should be used with caution. We make no claims about them.