Last updated on 2025-05-01 14:49:16 CEST.
Flavor | Version | Tinstall | Tcheck | Ttotal | Status | Flags |
---|---|---|---|---|---|---|
r-devel-linux-x86_64-debian-clang | 0.2.0 | 8.20 | 67.54 | 75.74 | NOTE | |
r-devel-linux-x86_64-debian-gcc | 0.2.0 | 6.32 | 50.64 | 56.96 | OK | |
r-devel-linux-x86_64-fedora-clang | 0.2.0 | 116.35 | OK | |||
r-devel-linux-x86_64-fedora-gcc | 0.2.0 | 113.76 | OK | |||
r-devel-windows-x86_64 | 0.2.0 | 9.00 | 76.00 | 85.00 | OK | |
r-patched-linux-x86_64 | 0.2.0 | 7.21 | 65.10 | 72.31 | OK | |
r-release-linux-x86_64 | OK | |||||
r-release-macos-arm64 | 0.2.0 | 41.00 | OK | |||
r-release-macos-x86_64 | 0.2.0 | 70.00 | OK | |||
r-release-windows-x86_64 | 0.2.0 | 9.00 | 78.00 | 87.00 | OK | |
r-oldrel-macos-arm64 | 0.2.0 | 36.00 | OK | |||
r-oldrel-macos-x86_64 | 0.2.0 | 53.00 | OK | |||
r-oldrel-windows-x86_64 | 0.2.0 | 10.00 | 96.00 | 106.00 | OK |
Version: 0.2.0
Check: examples
Result: NOTE
Examples with CPU (user + system) or elapsed time > 5s
user system elapsed
KinkTest 5.146 0.027 6.356
Flavor: r-devel-linux-x86_64-debian-clang
These binaries (installable software) and packages are in development.
They may not be fully stable and should be used with caution. We make no claims about them.