CRAN Package Check Results for Package MultiLCIRT

Last updated on 2025-05-01 14:49:16 CEST.

Flavor Version Tinstall Tcheck Ttotal Status Flags
r-devel-linux-x86_64-debian-clang 2.11 6.53 41.73 48.26 NOTE
r-devel-linux-x86_64-debian-gcc 2.11 4.37 31.32 35.69 NOTE
r-devel-linux-x86_64-fedora-clang 2.11 73.80 OK
r-devel-linux-x86_64-fedora-gcc 2.11 71.57 OK
r-devel-windows-x86_64 2.11 9.00 69.00 78.00 OK
r-patched-linux-x86_64 2.11 6.44 39.23 45.67 OK
r-release-linux-x86_64 OK
r-release-macos-arm64 2.11 24.00 OK
r-release-macos-x86_64 2.11 52.00 OK
r-release-windows-x86_64 2.11 8.00 71.00 79.00 OK
r-oldrel-macos-arm64 2.11 23.00 OK
r-oldrel-macos-x86_64 2.11 42.00 OK
r-oldrel-windows-x86_64 2.11 10.00 69.00 79.00 OK

Check Details

Version: 2.11
Check: CRAN incoming feasibility
Result: NOTE Maintainer: ‘Francesco Bartolucci <bart@stat.unipg.it>’ No Authors@R field in DESCRIPTION. Please add one, modifying Authors@R: c(person(given = "Francesco", family = "Bartolucci", role = c("aut", "cre"), email = "bart@stat.unipg.it"), person(given = "Silvia", family = "Bacci", role = "aut"), person(given = c("Michela", "Gnaldi", "-", "University", "of"), family = "Perugia", role = "aut", comment = "IT")) as necessary. Flavors: r-devel-linux-x86_64-debian-clang, r-devel-linux-x86_64-debian-gcc

These binaries (installable software) and packages are in development.
They may not be fully stable and should be used with caution. We make no claims about them.