Last updated on 2025-05-01 17:56:09 CEST.
Flavor | Version | Tinstall | Tcheck | Ttotal | Status | Flags |
---|---|---|---|---|---|---|
r-devel-linux-x86_64-debian-clang | 1.2.4 | 2.44 | 35.38 | 37.82 | NOTE | |
r-devel-linux-x86_64-debian-gcc | 1.2.4 | 1.72 | 24.75 | 26.47 | NOTE | |
r-devel-linux-x86_64-fedora-clang | 1.2.4 | 61.46 | OK | |||
r-devel-linux-x86_64-fedora-gcc | 1.2.4 | 59.67 | OK | |||
r-devel-windows-x86_64 | 1.2.4 | 4.00 | 51.00 | 55.00 | OK | |
r-patched-linux-x86_64 | 1.2.4 | 2.36 | 32.16 | 34.52 | OK | |
r-release-linux-x86_64 | OK | |||||
r-release-macos-arm64 | 1.2.4 | 19.00 | OK | |||
r-release-macos-x86_64 | 1.2.4 | 59.00 | OK | |||
r-release-windows-x86_64 | 1.2.4 | 5.00 | 53.00 | 58.00 | OK | |
r-oldrel-macos-arm64 | 1.2.4 | 19.00 | OK | |||
r-oldrel-macos-x86_64 | 1.2.4 | 32.00 | OK | |||
r-oldrel-windows-x86_64 | 1.2.4 | 3.00 | 50.00 | 53.00 | OK |
Version: 1.2.4
Check: CRAN incoming feasibility
Result: NOTE
Maintainer: ‘Ran Gao <rgao8@uic.edu>’
No Authors@R field in DESCRIPTION.
Please add one, modifying
Authors@R: c(person(given = "Hakan",
family = "Demirtas",
role = "aut"),
person(given = "Rawan",
family = "Allozi",
role = "aut"),
person(given = "Ran",
family = "Gao",
role = c("aut", "cre"),
email = "rgao8@uic.edu"))
as necessary.
Flavors: r-devel-linux-x86_64-debian-clang, r-devel-linux-x86_64-debian-gcc
Version: 1.2.4
Check: examples
Result: NOTE
Examples with CPU (user + system) or elapsed time > 5s
user system elapsed
draw.multivariate.laplace 7.301 0 10.512
Flavor: r-devel-linux-x86_64-debian-clang
These binaries (installable software) and packages are in development.
They may not be fully stable and should be used with caution. We make no claims about them.