Last updated on 2025-10-24 05:50:48 CEST.
| Flavor | Version | Tinstall | Tcheck | Ttotal | Status | Flags |
|---|---|---|---|---|---|---|
| r-devel-linux-x86_64-debian-clang | 1.0.5 | 2.73 | 28.93 | 31.66 | NOTE | |
| r-devel-linux-x86_64-debian-gcc | 1.0.5 | 1.79 | 22.62 | 24.41 | NOTE | |
| r-devel-linux-x86_64-fedora-clang | 1.0.5 | 49.41 | OK | |||
| r-devel-linux-x86_64-fedora-gcc | 1.0.5 | 43.96 | OK | |||
| r-devel-windows-x86_64 | 1.0.5 | 4.00 | 50.00 | 54.00 | OK | |
| r-patched-linux-x86_64 | 1.0.5 | 2.49 | 27.46 | 29.95 | OK | |
| r-release-linux-x86_64 | 1.0.5 | 2.60 | 27.11 | 29.71 | OK | |
| r-release-macos-arm64 | 1.0.5 | 1.00 | 18.00 | 19.00 | OK | |
| r-release-macos-x86_64 | 1.0.5 | 4.00 | 46.00 | 50.00 | OK | |
| r-release-windows-x86_64 | 1.0.5 | 3.00 | 53.00 | 56.00 | OK | |
| r-oldrel-macos-arm64 | 1.0.5 | 1.00 | 17.00 | 18.00 | OK | |
| r-oldrel-macos-x86_64 | 1.0.5 | 2.00 | 26.00 | 28.00 | OK | |
| r-oldrel-windows-x86_64 | 1.0.5 | 4.00 | 54.00 | 58.00 | OK |
Version: 1.0.5
Check: CRAN incoming feasibility
Result: NOTE
Maintainer: ‘Shixiao Zhang <praetere@gmail.com>’
No Authors@R field in DESCRIPTION.
Please add one, modifying
Authors@R: c(person(given = "Shixiao",
family = "Zhang",
role = c("aut", "cre"),
email = "praetere@gmail.com"),
person(given = "Peisong",
family = "Han",
role = "aut"))
as necessary.
Flavors: r-devel-linux-x86_64-debian-clang, r-devel-linux-x86_64-debian-gcc
These binaries (installable software) and packages are in development.
They may not be fully stable and should be used with caution. We make no claims about them.