CRAN Package Check Results for Package MultiRobust

Last updated on 2025-05-01 14:49:16 CEST.

Flavor Version Tinstall Tcheck Ttotal Status Flags
r-devel-linux-x86_64-debian-clang 1.0.5 2.39 26.96 29.35 NOTE
r-devel-linux-x86_64-debian-gcc 1.0.5 1.82 20.58 22.40 NOTE
r-devel-linux-x86_64-fedora-clang 1.0.5 45.86 OK
r-devel-linux-x86_64-fedora-gcc 1.0.5 43.73 OK
r-devel-windows-x86_64 1.0.5 4.00 51.00 55.00 OK
r-patched-linux-x86_64 1.0.5 2.66 25.75 28.41 OK
r-release-linux-x86_64 OK
r-release-macos-arm64 1.0.5 19.00 OK
r-release-macos-x86_64 1.0.5 50.00 OK
r-release-windows-x86_64 1.0.5 3.00 52.00 55.00 OK
r-oldrel-macos-arm64 1.0.5 18.00 OK
r-oldrel-macos-x86_64 1.0.5 28.00 OK
r-oldrel-windows-x86_64 1.0.5 4.00 56.00 60.00 OK

Check Details

Version: 1.0.5
Check: CRAN incoming feasibility
Result: NOTE Maintainer: ‘Shixiao Zhang <praetere@gmail.com>’ No Authors@R field in DESCRIPTION. Please add one, modifying Authors@R: c(person(given = "Shixiao", family = "Zhang", role = c("aut", "cre"), email = "praetere@gmail.com"), person(given = "Peisong", family = "Han", role = "aut")) as necessary. Flavors: r-devel-linux-x86_64-debian-clang, r-devel-linux-x86_64-debian-gcc

These binaries (installable software) and packages are in development.
They may not be fully stable and should be used with caution. We make no claims about them.