Last updated on 2025-10-03 05:53:40 CEST.
Flavor | Version | Tinstall | Tcheck | Ttotal | Status | Flags |
---|---|---|---|---|---|---|
r-devel-linux-x86_64-debian-clang | 0.5.0 | 0.34 | 2.51 | 2.85 | ERROR | |
r-devel-linux-x86_64-debian-gcc | 0.6.0 | 11.07 | 96.86 | 107.93 | OK | |
r-devel-linux-x86_64-fedora-clang | 0.6.0 | 239.63 | OK | |||
r-devel-linux-x86_64-fedora-gcc | 0.6.0 | 245.40 | OK | |||
r-devel-windows-x86_64 | 0.6.0 | 17.00 | 136.00 | 153.00 | OK | |
r-patched-linux-x86_64 | 0.5.0 | 0.33 | 1.86 | 2.19 | ERROR | |
r-release-linux-x86_64 | 0.5.0 | 0.21 | 1.83 | 2.04 | ERROR | |
r-release-macos-arm64 | 0.5.0 | 56.00 | OK | |||
r-release-macos-x86_64 | 0.6.0 | 138.00 | OK | |||
r-release-windows-x86_64 | 0.5.0 | 4.00 | 5.00 | 9.00 | ERROR | |
r-oldrel-macos-arm64 | 0.5.0 | 67.00 | OK | |||
r-oldrel-macos-x86_64 | 0.6.0 | 147.00 | OK | |||
r-oldrel-windows-x86_64 | 0.6.0 | 15.00 | 176.00 | 191.00 | OK |
Version: 0.5.0
Check: package dependencies
Result: ERROR
Package required but not available: ‘ggtern’
See section ‘The DESCRIPTION file’ in the ‘Writing R Extensions’
manual.
Flavors: r-devel-linux-x86_64-debian-clang, r-patched-linux-x86_64, r-release-linux-x86_64
Version: 0.5.0
Check: whether package can be installed
Result: ERROR
Installation failed.
Flavor: r-release-windows-x86_64
These binaries (installable software) and packages are in development.
They may not be fully stable and should be used with caution. We make no claims about them.