Last updated on 2025-05-01 17:56:09 CEST.
Flavor | Version | Tinstall | Tcheck | Ttotal | Status | Flags |
---|---|---|---|---|---|---|
r-devel-linux-x86_64-debian-clang | 1.0 | 5.91 | 59.59 | 65.50 | NOTE | |
r-devel-linux-x86_64-debian-gcc | 1.0 | 5.03 | 44.94 | 49.97 | NOTE | |
r-devel-linux-x86_64-fedora-clang | 1.0 | 102.44 | OK | |||
r-devel-linux-x86_64-fedora-gcc | 1.0 | 101.07 | OK | |||
r-devel-windows-x86_64 | 1.0 | 7.00 | 77.00 | 84.00 | OK | |
r-patched-linux-x86_64 | 1.0 | 6.73 | 57.83 | 64.56 | OK | |
r-release-linux-x86_64 | OK | |||||
r-release-macos-arm64 | 1.0 | 34.00 | OK | |||
r-release-macos-x86_64 | 1.0 | 64.00 | OK | |||
r-release-windows-x86_64 | 1.0 | 8.00 | 82.00 | 90.00 | OK | |
r-oldrel-macos-arm64 | 1.0 | 34.00 | OK | |||
r-oldrel-macos-x86_64 | 1.0 | 80.00 | OK | |||
r-oldrel-windows-x86_64 | 1.0 | 9.00 | 85.00 | 94.00 | OK |
Version: 1.0
Check: CRAN incoming feasibility
Result: NOTE
Maintainer: ‘Rawan Allozi <ralloz2@uic.edu>’
No Authors@R field in DESCRIPTION.
Please add one, modifying
Authors@R: c(person(given = "Rawan",
family = "Allozi",
role = c("aut", "cre"),
email = "ralloz2@uic.edu"),
person(given = "Hakan",
family = "Demirtas",
role = "aut"))
as necessary.
Flavors: r-devel-linux-x86_64-debian-clang, r-devel-linux-x86_64-debian-gcc
Version: 1.0
Check: examples
Result: NOTE
Examples with CPU (user + system) or elapsed time > 5s
user system elapsed
MVN.dat 3.616 0.231 5.071
Flavor: r-devel-linux-x86_64-debian-clang
These binaries (installable software) and packages are in development.
They may not be fully stable and should be used with caution. We make no claims about them.