Last updated on 2025-10-03 05:53:40 CEST.
Flavor | Version | Tinstall | Tcheck | Ttotal | Status | Flags |
---|---|---|---|---|---|---|
r-devel-linux-x86_64-debian-clang | 1.0 | 9.19 | 76.92 | 86.11 | NOTE | |
r-devel-linux-x86_64-debian-gcc | 1.0 | 6.82 | 56.51 | 63.33 | NOTE | |
r-devel-linux-x86_64-fedora-clang | 1.0 | 140.49 | OK | |||
r-devel-linux-x86_64-fedora-gcc | 1.0 | 134.61 | OK | |||
r-devel-windows-x86_64 | 1.0 | 10.00 | 85.00 | 95.00 | OK | |
r-patched-linux-x86_64 | 1.0 | 8.73 | 73.95 | 82.68 | OK | |
r-release-linux-x86_64 | 1.0 | 8.98 | 73.84 | 82.82 | OK | |
r-release-macos-arm64 | 1.0 | 34.00 | OK | |||
r-release-macos-x86_64 | 1.0 | 64.00 | OK | |||
r-release-windows-x86_64 | 1.0 | 12.00 | 86.00 | 98.00 | OK | |
r-oldrel-macos-arm64 | 1.0 | 34.00 | OK | |||
r-oldrel-macos-x86_64 | 1.0 | 80.00 | OK | |||
r-oldrel-windows-x86_64 | 1.0 | 14.00 | 103.00 | 117.00 | OK |
Version: 1.0
Check: CRAN incoming feasibility
Result: NOTE
Maintainer: ‘Rawan Allozi <ralloz2@uic.edu>’
No Authors@R field in DESCRIPTION.
Please add one, modifying
Authors@R: c(person(given = "Rawan",
family = "Allozi",
role = c("aut", "cre"),
email = "ralloz2@uic.edu"),
person(given = "Hakan",
family = "Demirtas",
role = "aut"))
as necessary.
Flavors: r-devel-linux-x86_64-debian-clang, r-devel-linux-x86_64-debian-gcc
These binaries (installable software) and packages are in development.
They may not be fully stable and should be used with caution. We make no claims about them.