CRAN Package Check Results for Package MultipleBreakpoints

Last updated on 2025-05-08 04:52:11 CEST.

Flavor Version Tinstall Tcheck Ttotal Status Flags
r-devel-linux-x86_64-debian-clang 0.1.0 2.17 21.03 23.20 NOTE
r-devel-linux-x86_64-debian-gcc 0.1.0 1.59 17.26 18.85 NOTE
r-devel-linux-x86_64-fedora-clang 0.1.0 35.58 OK
r-devel-linux-x86_64-fedora-gcc 0.1.0 34.32 OK
r-devel-windows-x86_64 0.1.0 3.00 41.00 44.00 OK
r-patched-linux-x86_64 0.1.0 2.13 20.23 22.36 OK
r-release-linux-x86_64 0.1.0 2.03 20.13 22.16 OK
r-release-macos-arm64 0.1.0 19.00 OK
r-release-macos-x86_64 0.1.0 25.00 OK
r-release-windows-x86_64 0.1.0 4.00 42.00 46.00 OK
r-oldrel-macos-arm64 0.1.0 16.00 OK
r-oldrel-macos-x86_64 0.1.0 24.00 OK
r-oldrel-windows-x86_64 0.1.0 3.00 45.00 48.00 OK

Check Details

Version: 0.1.0
Check: CRAN incoming feasibility
Result: NOTE Maintainer: ‘Nicolas Froelich <nicfroe@posteo.de>’ No Authors@R field in DESCRIPTION. Please add one, modifying Authors@R: person(given = "Nicolas", family = "Froelich", role = c("aut", "cre"), email = "nicfroe@posteo.de") as necessary. Flavors: r-devel-linux-x86_64-debian-clang, r-devel-linux-x86_64-debian-gcc

These binaries (installable software) and packages are in development.
They may not be fully stable and should be used with caution. We make no claims about them.