CRAN Package Check Results for Package MultiplierDEA

Last updated on 2025-07-05 15:50:06 CEST.

Flavor Version Tinstall Tcheck Ttotal Status Flags
r-devel-linux-x86_64-debian-clang 0.1.19 12.13 88.82 100.95 NOTE
r-devel-linux-x86_64-debian-gcc 0.1.19 8.84 63.73 72.57 NOTE
r-devel-linux-x86_64-fedora-clang 0.1.19 157.71 OK
r-devel-linux-x86_64-fedora-gcc 0.1.19 145.19 OK
r-devel-windows-x86_64 0.1.19 14.00 94.00 108.00 OK
r-patched-linux-x86_64 0.1.19 10.42 82.28 92.70 OK
r-release-linux-x86_64 0.1.19 12.51 83.03 95.54 OK
r-release-macos-arm64 0.1.19 59.00 OK
r-release-macos-x86_64 0.1.19 79.00 OK
r-release-windows-x86_64 0.1.19 14.00 93.00 107.00 OK
r-oldrel-macos-arm64 0.1.19 43.00 OK
r-oldrel-macos-x86_64 0.1.19 71.00 OK
r-oldrel-windows-x86_64 0.1.19 17.00 112.00 129.00 OK

Check Details

Version: 0.1.19
Check: CRAN incoming feasibility
Result: NOTE Maintainer: ‘Aurobindh Kalathil Puthanpura <kalat2@pdx.edu>’ No Authors@R field in DESCRIPTION. Please add one, modifying Authors@R: person(given = c("Aurobindh", "Kalathil"), family = "Puthanpura", role = c("aut", "cre"), email = "kalat2@pdx.edu") as necessary. Flavors: r-devel-linux-x86_64-debian-clang, r-devel-linux-x86_64-debian-gcc

These binaries (installable software) and packages are in development.
They may not be fully stable and should be used with caution. We make no claims about them.