Last updated on 2025-10-23 11:50:20 CEST.
Flavor | Version | Tinstall | Tcheck | Ttotal | Status | Flags |
---|---|---|---|---|---|---|
r-devel-linux-x86_64-debian-clang | 1.0 | 70.29 | 335.28 | 405.57 | NOTE | |
r-devel-linux-x86_64-debian-gcc | 1.0 | 42.55 | 218.36 | 260.91 | OK | |
r-devel-linux-x86_64-fedora-clang | 1.0 | 139.00 | 521.80 | 660.80 | OK | |
r-devel-linux-x86_64-fedora-gcc | 1.0 | 108.00 | 496.30 | 604.30 | OK | |
r-devel-windows-x86_64 | 1.0 | 72.00 | 377.00 | 449.00 | OK | |
r-patched-linux-x86_64 | 1.0 | 62.44 | 302.42 | 364.86 | OK | |
r-release-linux-x86_64 | 1.0 | 63.90 | 300.41 | 364.31 | OK | |
r-release-macos-arm64 | 1.0 | 26.00 | 123.00 | 149.00 | OK | |
r-release-macos-x86_64 | 1.0 | 46.00 | 268.00 | 314.00 | OK | |
r-release-windows-x86_64 | 1.0 | 78.00 | 271.00 | 349.00 | OK | |
r-oldrel-macos-arm64 | 1.0 | 24.00 | 124.00 | 148.00 | NOTE | |
r-oldrel-macos-x86_64 | 1.0 | 44.00 | 275.00 | 319.00 | NOTE | |
r-oldrel-windows-x86_64 | 1.0 | 89.00 | 366.00 | 455.00 | NOTE |
Version: 1.0
Check: HTML version of manual
Result: NOTE
Found the following HTML validation problems:
outlier_filter.html:54:1 (outlier_filter.Rd:14): Warning: missing </ul> before </div>
Flavor: r-devel-linux-x86_64-debian-clang
Version: 1.0
Check: installed package size
Result: NOTE
installed size is 8.2Mb
sub-directories of 1Mb or more:
doc 2.7Mb
help 2.2Mb
libs 2.3Mb
Flavors: r-oldrel-macos-arm64, r-oldrel-macos-x86_64, r-oldrel-windows-x86_64
These binaries (installable software) and packages are in development.
They may not be fully stable and should be used with caution. We make no claims about them.