Last updated on 2025-02-02 22:50:00 CET.
Flavor | Version | Tinstall | Tcheck | Ttotal | Status | Flags |
---|---|---|---|---|---|---|
r-devel-linux-x86_64-debian-clang | 0.9.1 | 53.51 | 327.82 | 381.33 | OK | |
r-devel-linux-x86_64-debian-gcc | 0.9.1 | 37.63 | 213.69 | 251.32 | OK | |
r-devel-linux-x86_64-fedora-clang | 0.9.1 | 638.98 | OK | |||
r-devel-linux-x86_64-fedora-gcc | 0.9.1 | 585.08 | OK | |||
r-devel-windows-x86_64 | 0.9.1 | 52.00 | 245.00 | 297.00 | OK | |
r-patched-linux-x86_64 | 0.9.1 | 53.53 | 287.07 | 340.60 | OK | |
r-release-linux-x86_64 | 0.9.1 | 55.53 | 289.04 | 344.57 | OK | |
r-release-macos-arm64 | 0.9.1 | 128.00 | NOTE | |||
r-release-macos-x86_64 | 0.9.1 | 324.00 | NOTE | |||
r-release-windows-x86_64 | 0.9.1 | 54.00 | 261.00 | 315.00 | NOTE | |
r-oldrel-macos-arm64 | 0.8.3 | 137.00 | NOTE | |||
r-oldrel-macos-x86_64 | 0.8.3 | 273.00 | NOTE | |||
r-oldrel-windows-x86_64 | 0.9.1 | 66.00 | 366.00 | 432.00 | NOTE |
Version: 0.9.1
Check: installed package size
Result: NOTE
installed size is 7.6Mb
sub-directories of 1Mb or more:
doc 2.3Mb
help 2.0Mb
libs 2.3Mb
Flavors: r-release-macos-arm64, r-release-macos-x86_64, r-release-windows-x86_64, r-oldrel-windows-x86_64
Version: 0.8.3
Check: installed package size
Result: NOTE
installed size is 7.1Mb
sub-directories of 1Mb or more:
doc 2.6Mb
help 2.2Mb
libs 2.1Mb
Flavors: r-oldrel-macos-arm64, r-oldrel-macos-x86_64
These binaries (installable software) and packages are in development.
They may not be fully stable and should be used with caution. We make no claims about them.