CRAN Package Check Results for Package MultiwayRegression

Last updated on 2025-07-25 15:50:06 CEST.

Flavor Version Tinstall Tcheck Ttotal Status Flags
r-devel-linux-x86_64-debian-clang 1.2 2.21 34.45 36.66 NOTE
r-devel-linux-x86_64-debian-gcc 1.2 1.83 28.14 29.97 NOTE
r-devel-linux-x86_64-fedora-clang 1.2 57.85 OK
r-devel-linux-x86_64-fedora-gcc 1.2 56.25 OK
r-devel-windows-x86_64 1.2 3.00 59.00 62.00 OK
r-patched-linux-x86_64 1.2 2.32 32.32 34.64 OK
r-release-linux-x86_64 1.2 2.18 32.46 34.64 OK
r-release-macos-arm64 1.2 25.00 OK
r-release-macos-x86_64 1.2 47.00 OK
r-release-windows-x86_64 1.2 4.00 62.00 66.00 OK
r-oldrel-macos-arm64 1.2 20.00 OK
r-oldrel-macos-x86_64 1.2 36.00 OK
r-oldrel-windows-x86_64 1.2 4.00 61.00 65.00 OK

Check Details

Version: 1.2
Check: CRAN incoming feasibility
Result: NOTE Maintainer: ‘Eric F. Lock <elock@umn.edu>’ No Authors@R field in DESCRIPTION. Please add one, modifying Authors@R: person(given = c("Eric", "F."), family = "Lock", role = c("aut", "cre"), email = "elock@umn.edu") as necessary. Flavors: r-devel-linux-x86_64-debian-clang, r-devel-linux-x86_64-debian-gcc

These binaries (installable software) and packages are in development.
They may not be fully stable and should be used with caution. We make no claims about them.