Last updated on 2025-11-11 15:50:40 CET.
| Flavor | Version | Tinstall | Tcheck | Ttotal | Status | Flags |
|---|---|---|---|---|---|---|
| r-devel-linux-x86_64-debian-clang | 0.1.0 | 6.59 | 54.86 | 61.45 | NOTE | |
| r-devel-linux-x86_64-debian-gcc | 0.1.0 | 5.15 | 41.67 | 46.82 | NOTE | |
| r-devel-linux-x86_64-fedora-clang | 0.1.0 | 14.00 | 88.49 | 102.49 | OK | |
| r-devel-linux-x86_64-fedora-gcc | 0.1.0 | 15.00 | 74.64 | 89.64 | OK | |
| r-devel-windows-x86_64 | 0.1.0 | 9.00 | 65.00 | 74.00 | OK | |
| r-patched-linux-x86_64 | 0.1.0 | 6.09 | 52.45 | 58.54 | OK | |
| r-release-linux-x86_64 | 0.1.0 | 6.16 | 52.62 | 58.78 | OK | |
| r-release-macos-arm64 | 0.1.0 | 4.00 | 47.00 | 51.00 | OK | |
| r-release-macos-x86_64 | 0.1.0 | 6.00 | 45.00 | 51.00 | OK | |
| r-release-windows-x86_64 | 0.1.0 | 7.00 | 62.00 | 69.00 | OK | |
| r-oldrel-macos-arm64 | 0.1.0 | 3.00 | 27.00 | 30.00 | NOTE | |
| r-oldrel-macos-x86_64 | 0.1.0 | 5.00 | 37.00 | 42.00 | NOTE | |
| r-oldrel-windows-x86_64 | 0.1.0 | 10.00 | 81.00 | 91.00 | NOTE |
Version: 0.1.0
Check: CRAN incoming feasibility
Result: NOTE
Maintainer: ‘Fu-Chang Hu <fuchang.hu@gmail.com>’
No Authors@R field in DESCRIPTION.
Please add one, modifying
Authors@R: c(person(given = c("International-Harvard", "Statistical", "Consulting"),
family = "Company",
role = "aut",
email = "nhsc2010@hotmail.com"),
person(given = "Fu-Chang",
family = "Hu",
role = "cre",
email = "fuchang.hu@gmail.com"))
as necessary.
Flavors: r-devel-linux-x86_64-debian-clang, r-devel-linux-x86_64-debian-gcc
Version: 0.1.0
Check: LazyData
Result: NOTE
'LazyData' is specified without a 'data' directory
Flavors: r-oldrel-macos-arm64, r-oldrel-macos-x86_64, r-oldrel-windows-x86_64
These binaries (installable software) and packages are in development.
They may not be fully stable and should be used with caution. We make no claims about them.