Last updated on 2025-10-23 15:50:02 CEST.
Flavor | Version | Tinstall | Tcheck | Ttotal | Status | Flags |
---|---|---|---|---|---|---|
r-devel-linux-x86_64-debian-clang | 0.8.4 | 4.22 | 41.75 | 45.97 | NOTE | |
r-devel-linux-x86_64-debian-gcc | 0.8.4 | 2.97 | 31.33 | 34.30 | OK | |
r-devel-linux-x86_64-fedora-clang | 0.8.4 | 11.00 | 60.03 | 71.03 | OK | |
r-devel-linux-x86_64-fedora-gcc | 0.8.4 | 64.74 | OK | |||
r-devel-windows-x86_64 | 0.8.4 | 6.00 | 60.00 | 66.00 | OK | |
r-patched-linux-x86_64 | 0.8.4 | 3.63 | 39.14 | 42.77 | OK | |
r-release-linux-x86_64 | 0.8.4 | 3.72 | 39.16 | 42.88 | OK | |
r-release-macos-arm64 | 0.8.4 | 3.00 | 29.00 | 32.00 | OK | |
r-release-macos-x86_64 | 0.8.4 | 7.00 | 55.00 | 62.00 | OK | |
r-release-windows-x86_64 | 0.8.4 | 7.00 | 64.00 | 71.00 | OK | |
r-oldrel-macos-arm64 | 0.8.4 | 2.00 | 31.00 | 33.00 | OK | |
r-oldrel-macos-x86_64 | 0.8.4 | 4.00 | 38.00 | 42.00 | OK | |
r-oldrel-windows-x86_64 | 0.8.4 | 9.00 | 74.00 | 83.00 | OK |
Version: 0.8.4
Check: HTML version of manual
Result: NOTE
Found the following HTML validation problems:
getCategory.html:46:1 (getCategory.Rd:10): Warning: missing </ul> before </div>
Flavor: r-devel-linux-x86_64-debian-clang
These binaries (installable software) and packages are in development.
They may not be fully stable and should be used with caution. We make no claims about them.