Last updated on 2025-05-01 15:49:37 CEST.
Flavor | Version | Tinstall | Tcheck | Ttotal | Status | Flags |
---|---|---|---|---|---|---|
r-devel-linux-x86_64-debian-clang | 1.6-1.1 | 12.86 | 77.89 | 90.75 | NOTE | |
r-devel-linux-x86_64-debian-gcc | 1.6-1.1 | 7.49 | 58.13 | 65.62 | NOTE | |
r-devel-linux-x86_64-fedora-clang | 1.6-1.1 | 138.49 | OK | |||
r-devel-linux-x86_64-fedora-gcc | 1.6-1.1 | 134.27 | OK | |||
r-devel-windows-x86_64 | 1.6-1.1 | 12.00 | 109.00 | 121.00 | NOTE | |
r-patched-linux-x86_64 | 1.6-1.1 | 12.97 | 75.36 | 88.33 | NOTE | |
r-release-linux-x86_64 | NOTE | |||||
r-release-macos-arm64 | 1.6-1.1 | 45.00 | OK | |||
r-release-macos-x86_64 | 1.6-1.1 | 97.00 | OK | |||
r-release-windows-x86_64 | 1.6-1.1 | 13.00 | 119.00 | 132.00 | NOTE | |
r-oldrel-macos-arm64 | 1.6-1.1 | 42.00 | OK | |||
r-oldrel-macos-x86_64 | 1.6-1.1 | 82.00 | OK | |||
r-oldrel-windows-x86_64 | 1.6-1.1 | 15.00 | 118.00 | 133.00 | OK |
Version: 1.6-1.1
Check: CRAN incoming feasibility
Result: NOTE
Maintainer: ‘Lopaka Lee <rclee@usgs.gov>’
No Authors@R field in DESCRIPTION.
Please add one, modifying
Authors@R: person(given = "Lopaka",
family = "Lee",
role = c("aut", "cre"),
email = "rclee@usgs.gov")
as necessary.
Flavors: r-devel-linux-x86_64-debian-clang, r-devel-linux-x86_64-debian-gcc
Version: 1.6-1.1
Check: Rd cross-references
Result: NOTE
Found the following Rd file(s) with Rd \link{} targets missing package
anchors:
cendiff.Rd: survdiff
cenfit.Rd: survfit
cenmle-class.Rd: survreg
cenmle-gaussian-class.Rd: survreg
cenmle-lognormal-class.Rd: survreg
cenreg-class.Rd: survreg
cenreg-gaussian-class.Rd: survreg
cenreg-lognormal-class.Rd: survreg
Please provide package anchors for all Rd \link{} targets not in the
package itself and the base packages.
Flavors: r-devel-linux-x86_64-debian-clang, r-devel-linux-x86_64-debian-gcc, r-devel-windows-x86_64, r-patched-linux-x86_64, r-release-linux-x86_64, r-release-windows-x86_64
These binaries (installable software) and packages are in development.
They may not be fully stable and should be used with caution. We make no claims about them.