Last updated on 2025-11-12 19:51:55 CET.
| Flavor | Version | Tinstall | Tcheck | Ttotal | Status | Flags |
|---|---|---|---|---|---|---|
| r-devel-linux-x86_64-debian-clang | 2.0.1 | 16.96 | 157.34 | 174.30 | OK | |
| r-devel-linux-x86_64-debian-gcc | 2.0.1 | 13.93 | 105.45 | 119.38 | OK | |
| r-devel-linux-x86_64-fedora-clang | 2.0.1 | 47.00 | 223.23 | 270.23 | NOTE | |
| r-devel-linux-x86_64-fedora-gcc | 2.0.1 | 37.00 | 218.81 | 255.81 | NOTE | |
| r-devel-windows-x86_64 | 2.0.1 | 21.00 | 167.00 | 188.00 | OK | |
| r-patched-linux-x86_64 | 2.0.1 | 17.62 | 148.41 | 166.03 | OK | |
| r-release-linux-x86_64 | 2.0.1 | 17.36 | 146.11 | 163.47 | OK | |
| r-release-macos-arm64 | 2.0.1 | 8.00 | 43.00 | 51.00 | OK | |
| r-release-macos-x86_64 | 2.0.1 | 19.00 | 139.00 | 158.00 | OK | |
| r-release-windows-x86_64 | 2.0.1 | 20.00 | 159.00 | 179.00 | OK | |
| r-oldrel-macos-arm64 | 2.0.1 | 6.00 | 45.00 | 51.00 | OK | |
| r-oldrel-macos-x86_64 | 2.0.1 | 16.00 | 112.00 | 128.00 | OK | |
| r-oldrel-windows-x86_64 | 2.0.1 | 25.00 | 210.00 | 235.00 | OK |
Version: 2.0.1
Check: dependencies in R code
Result: NOTE
Namespaces in Imports field not imported from:
‘Kendall’ ‘methods’ ‘perm’
All declared Imports should be used.
Flavors: r-devel-linux-x86_64-fedora-clang, r-devel-linux-x86_64-fedora-gcc
These binaries (installable software) and packages are in development.
They may not be fully stable and should be used with caution. We make no claims about them.