Last updated on 2025-05-01 22:49:49 CEST.
Flavor | Version | Tinstall | Tcheck | Ttotal | Status | Flags |
---|---|---|---|---|---|---|
r-devel-linux-x86_64-debian-clang | 1.0.0 | 1.66 | 17.04 | 18.70 | NOTE | |
r-devel-linux-x86_64-debian-gcc | 1.0.0 | 1.47 | 14.26 | 15.73 | NOTE | |
r-devel-linux-x86_64-fedora-clang | 1.0.0 | 28.59 | OK | |||
r-devel-linux-x86_64-fedora-gcc | 1.0.0 | 27.76 | OK | |||
r-devel-windows-x86_64 | 1.0.0 | 3.00 | 35.00 | 38.00 | OK | |
r-patched-linux-x86_64 | 1.0.0 | 1.79 | 16.19 | 17.98 | OK | |
r-release-linux-x86_64 | OK | |||||
r-release-macos-arm64 | 1.0.0 | 14.00 | OK | |||
r-release-macos-x86_64 | 1.0.0 | 21.00 | OK | |||
r-release-windows-x86_64 | 1.0.0 | 3.00 | 36.00 | 39.00 | OK | |
r-oldrel-macos-arm64 | 1.0.0 | 13.00 | OK | |||
r-oldrel-macos-x86_64 | 1.0.0 | 19.00 | OK | |||
r-oldrel-windows-x86_64 | 1.0.0 | 3.00 | 35.00 | 38.00 | OK |
Version: 1.0.0
Check: CRAN incoming feasibility
Result: NOTE
Maintainer: ‘Sun-joo Lee <sjlee@air.org>’
No Authors@R field in DESCRIPTION.
Please add one, modifying
Authors@R: c(person(given = "Sun-joo",
family = "Lee",
role = c("aut", "cre"),
email = "sjlee@air.org"),
person(given = "Eric",
family = "Buehler",
role = "aut"),
person(given = "Paul",
family = "Bailey",
role = "ctb"))
as necessary.
Flavors: r-devel-linux-x86_64-debian-clang, r-devel-linux-x86_64-debian-gcc
These binaries (installable software) and packages are in development.
They may not be fully stable and should be used with caution. We make no claims about them.