Last updated on 2025-11-14 09:50:09 CET.
| Flavor | Version | Tinstall | Tcheck | Ttotal | Status | Flags |
|---|---|---|---|---|---|---|
| r-devel-linux-x86_64-debian-clang | 1.0.4 | 72.92 | 242.62 | 315.54 | NOTE | |
| r-devel-linux-x86_64-debian-gcc | 1.0.4 | 52.80 | 168.42 | 221.22 | NOTE | |
| r-devel-linux-x86_64-fedora-clang | 1.0.4 | 188.00 | 375.71 | 563.71 | NOTE | |
| r-devel-linux-x86_64-fedora-gcc | 1.0.4 | 98.00 | 402.28 | 500.28 | NOTE | |
| r-devel-windows-x86_64 | 1.0.4 | 87.00 | 256.00 | 343.00 | NOTE | |
| r-patched-linux-x86_64 | 1.0.4 | 72.10 | 228.97 | 301.07 | OK | |
| r-release-linux-x86_64 | 1.0.4 | 68.86 | 231.17 | 300.03 | OK | |
| r-release-macos-arm64 | 1.0.4 | 29.00 | 103.00 | 132.00 | OK | |
| r-release-macos-x86_64 | 1.0.4 | 34.00 | 199.00 | 233.00 | OK | |
| r-release-windows-x86_64 | 1.0.4 | 85.00 | 249.00 | 334.00 | OK | |
| r-oldrel-macos-arm64 | 1.0.4 | 31.00 | 92.00 | 123.00 | OK | |
| r-oldrel-macos-x86_64 | 1.0.4 | 28.00 | 138.00 | 166.00 | OK | |
| r-oldrel-windows-x86_64 | 1.0.4 | 106.00 | 332.00 | 438.00 | OK |
Version: 1.0.4
Check: Rd files
Result: NOTE
checkRd: (-1) addNodeNetworkStats.Rd:7: height/width attributes should be in pixels
checkRd: (-1) plotNetworkGraph.Rd:7: height/width attributes should be in pixels
Flavors: r-devel-linux-x86_64-debian-clang, r-devel-linux-x86_64-debian-gcc, r-devel-linux-x86_64-fedora-clang, r-devel-linux-x86_64-fedora-gcc, r-devel-windows-x86_64
These binaries (installable software) and packages are in development.
They may not be fully stable and should be used with caution. We make no claims about them.