Last updated on 2025-10-23 11:50:20 CEST.
Flavor | Version | Tinstall | Tcheck | Ttotal | Status | Flags |
---|---|---|---|---|---|---|
r-devel-linux-x86_64-debian-clang | 1.0.4 | 75.76 | 241.66 | 317.42 | OK | |
r-devel-linux-x86_64-debian-gcc | 1.0.4 | 43.93 | 168.28 | 212.21 | NOTE | |
r-devel-linux-x86_64-fedora-clang | 1.0.4 | 126.00 | 426.83 | 552.83 | NOTE | |
r-devel-linux-x86_64-fedora-gcc | 1.0.4 | 89.00 | 429.00 | 518.00 | NOTE | |
r-devel-windows-x86_64 | 1.0.4 | 88.00 | 250.00 | 338.00 | OK | |
r-patched-linux-x86_64 | 1.0.4 | 69.66 | 230.72 | 300.38 | OK | |
r-release-linux-x86_64 | 1.0.4 | 64.67 | 230.53 | 295.20 | OK | |
r-release-macos-arm64 | 1.0.4 | 29.00 | 103.00 | 132.00 | OK | |
r-release-macos-x86_64 | 1.0.4 | 34.00 | 199.00 | 233.00 | OK | |
r-release-windows-x86_64 | 1.0.4 | 84.00 | 252.00 | 336.00 | OK | |
r-oldrel-macos-arm64 | 1.0.4 | 31.00 | 92.00 | 123.00 | OK | |
r-oldrel-macos-x86_64 | 1.0.4 | 28.00 | 138.00 | 166.00 | OK | |
r-oldrel-windows-x86_64 | 1.0.4 | 106.00 | 324.00 | 430.00 | OK |
Version: 1.0.4
Check: Rd files
Result: NOTE
checkRd: (-1) addNodeNetworkStats.Rd:7: height/width attributes should be in pixels
checkRd: (-1) plotNetworkGraph.Rd:7: height/width attributes should be in pixels
Flavors: r-devel-linux-x86_64-debian-gcc, r-devel-linux-x86_64-fedora-clang, r-devel-linux-x86_64-fedora-gcc
These binaries (installable software) and packages are in development.
They may not be fully stable and should be used with caution. We make no claims about them.